Last updated on 2014-10-02 01:48:26.
Flavor | Version | Tinstall | Tcheck | Ttotal | Status | Flags |
---|---|---|---|---|---|---|
r-devel-linux-x86_64-debian-clang | 0.6-0 | 1.34 | 11.18 | 12.52 | OK | |
r-devel-linux-x86_64-debian-gcc | 0.6-0 | 1.28 | 10.30 | 11.58 | OK | |
r-devel-linux-x86_64-fedora-clang | 0.6-0 | 22.71 | OK | |||
r-devel-linux-x86_64-fedora-gcc | 0.6-0 | 21.82 | OK | |||
r-devel-osx-x86_64-clang | 0.6-0 | 25.18 | OK | |||
r-devel-windows-ix86+x86_64 | 0.6-0 | 8.00 | 27.00 | 35.00 | OK | |
r-patched-linux-x86_64 | 0.6-0 | 1.37 | 10.50 | 11.87 | OK | |
r-patched-solaris-sparc | 0.6-0 | 143.20 | NOTE | |||
r-patched-solaris-x86 | 0.6-0 | 38.50 | NOTE | |||
r-release-linux-ix86 | 0.6-0 | 2.02 | 19.27 | 21.29 | NOTE | |
r-release-linux-x86_64 | 0.6-0 | 1.32 | 10.73 | 12.06 | OK | |
r-release-osx-x86_64-mavericks | 0.6-0 | ERROR | ||||
r-release-osx-x86_64-snowleopard | 0.6-0 | OK | ||||
r-release-windows-ix86+x86_64 | 0.6-0 | 10.00 | 27.00 | 37.00 | OK | |
r-oldrel-windows-ix86+x86_64 | 0.6-0 | 8.00 | 35.00 | 43.00 | OK |
Version: 0.6-0
Check: Rd cross-references
Result: NOTE
Package unavailable to check Rd xrefs: ‘Rsymphony’
Flavors: r-patched-solaris-sparc, r-patched-solaris-x86, r-release-linux-ix86
Version: 0.6-0
Check: whether package can be installed
Result: ERROR
Installation failed.
Flavor: r-release-osx-x86_64-mavericks