Last updated on 2014-10-02 01:48:26.
Flavor | Version | Tinstall | Tcheck | Ttotal | Status | Flags |
---|---|---|---|---|---|---|
r-devel-linux-x86_64-debian-clang | 1.0.6 | 1.04 | 26.80 | 27.84 | NOTE | |
r-devel-linux-x86_64-debian-gcc | 1.0.6 | 1.01 | 26.46 | 27.48 | NOTE | |
r-devel-linux-x86_64-fedora-clang | 1.0.6 | 56.42 | NOTE | |||
r-devel-linux-x86_64-fedora-gcc | 1.0.6 | 52.10 | NOTE | |||
r-devel-osx-x86_64-clang | 1.0.6 | 48.86 | NOTE | |||
r-devel-windows-ix86+x86_64 | 1.0.6 | 4.00 | 42.00 | 46.00 | NOTE | |
r-patched-linux-x86_64 | 1.0.6 | 1.13 | 28.42 | 29.55 | OK | |
r-patched-solaris-sparc | 1.0.6 | 328.00 | OK | |||
r-patched-solaris-x86 | 1.0.6 | 72.70 | OK | |||
r-release-linux-ix86 | 1.0.6 | 1.49 | 37.36 | 38.86 | OK | |
r-release-linux-x86_64 | 1.0.6 | 1.10 | 28.16 | 29.26 | OK | |
r-release-osx-x86_64-mavericks | 1.0.6 | OK | ||||
r-release-osx-x86_64-snowleopard | 1.0.6 | OK | ||||
r-release-windows-ix86+x86_64 | 1.0.6 | 4.00 | 41.00 | 45.00 | OK | |
r-oldrel-windows-ix86+x86_64 | 1.0.6 | 4.00 | 39.00 | 43.00 | OK |
Version: 1.0.6
Check: R code for possible problems
Result: NOTE
BRIS: no visible global function definition for ‘rmt’
BRIS: no visible global function definition for ‘dmt’
BRISBeta: no visible global function definition for ‘rmt’
BRISBeta: no visible global function definition for ‘dmt’
BRSIR: no visible global function definition for ‘rmt’
BRSIR: no visible global function definition for ‘dmt’
Flavors: r-devel-linux-x86_64-debian-clang, r-devel-linux-x86_64-debian-gcc, r-devel-linux-x86_64-fedora-clang, r-devel-linux-x86_64-fedora-gcc, r-devel-osx-x86_64-clang, r-devel-windows-ix86+x86_64