Last updated on 2014-10-02 01:48:25.
Flavor | Version | Tinstall | Tcheck | Ttotal | Status | Flags |
---|---|---|---|---|---|---|
r-devel-linux-x86_64-debian-clang | 1.4.1 | 3.34 | 45.31 | 48.65 | NOTE | |
r-devel-linux-x86_64-debian-gcc | 1.4.1 | 3.17 | 45.01 | 48.18 | NOTE | |
r-devel-linux-x86_64-fedora-clang | 1.4.1 | 98.88 | NOTE | |||
r-devel-linux-x86_64-fedora-gcc | 1.4.1 | 94.22 | NOTE | |||
r-devel-osx-x86_64-clang | 1.4.1 | 85.44 | NOTE | |||
r-devel-windows-ix86+x86_64 | 1.4.1 | 11.00 | 79.00 | 90.00 | NOTE | |
r-patched-linux-x86_64 | 1.4.1 | 3.36 | 47.36 | 50.72 | NOTE | |
r-patched-solaris-sparc | 1.4.1 | 608.90 | NOTE | |||
r-patched-solaris-x86 | 1.4.1 | 125.60 | NOTE | |||
r-release-linux-ix86 | 1.4.1 | 4.65 | 55.96 | 60.61 | NOTE | |
r-release-linux-x86_64 | 1.4.1 | 3.40 | 46.46 | 49.86 | NOTE | |
r-release-osx-x86_64-mavericks | 1.4.1 | NOTE | ||||
r-release-osx-x86_64-snowleopard | 1.4.1 | OK | ||||
r-release-windows-ix86+x86_64 | 1.4.1 | 13.00 | 82.00 | 95.00 | NOTE | |
r-oldrel-windows-ix86+x86_64 | 1.4.1 | 10.00 | 86.00 | 96.00 | NOTE |
Version: 1.4.1
Check: dependencies in R code
Result: NOTE
Packages in Depends field not imported from:
‘deSolve’ ‘rootSolve’ ‘shape’
These packages need to be imported from (in the NAMESPACE file)
for when this namespace is loaded but not attached.
See the information on DESCRIPTION files in the chapter ‘Creating R
packages’ of the ‘Writing R Extensions’ manual.
Flavors: r-devel-linux-x86_64-debian-clang, r-devel-linux-x86_64-debian-gcc, r-devel-linux-x86_64-fedora-clang, r-devel-linux-x86_64-fedora-gcc, r-devel-osx-x86_64-clang, r-devel-windows-ix86+x86_64, r-patched-linux-x86_64, r-patched-solaris-sparc, r-patched-solaris-x86, r-release-linux-ix86, r-release-linux-x86_64, r-release-osx-x86_64-mavericks, r-release-windows-ix86+x86_64, r-oldrel-windows-ix86+x86_64
Version: 1.4.1
Check: R code for possible problems
Result: NOTE
advection.1D: no visible global function definition for ‘timestep’
advection.volume.1D: no visible global function definition for
‘timestep’
Flavors: r-devel-linux-x86_64-debian-clang, r-devel-linux-x86_64-debian-gcc, r-devel-linux-x86_64-fedora-clang, r-devel-linux-x86_64-fedora-gcc, r-devel-osx-x86_64-clang, r-devel-windows-ix86+x86_64