Last updated on 2014-10-02 01:48:25.
Flavor | Version | Tinstall | Tcheck | Ttotal | Status | Flags |
---|---|---|---|---|---|---|
r-devel-linux-x86_64-debian-clang | 0.1.2 | 8.62 | 21.82 | 30.44 | OK | |
r-devel-linux-x86_64-debian-gcc | 0.1.2 | 9.28 | 21.58 | 30.86 | OK | |
r-devel-linux-x86_64-fedora-clang | 0.1.2 | 63.23 | OK | |||
r-devel-linux-x86_64-fedora-gcc | 0.1.2 | 60.21 | OK | |||
r-devel-osx-x86_64-clang | 0.1.2 | 58.93 | OK | |||
r-devel-windows-ix86+x86_64 | 0.1.2 | 38.00 | 53.00 | 91.00 | OK | |
r-patched-linux-x86_64 | 0.1.2 | 9.45 | 22.41 | 31.86 | OK | |
r-patched-solaris-sparc | 0.1.2 | 99.90 | ERROR | |||
r-patched-solaris-x86 | 0.1.2 | 23.20 | ERROR | |||
r-release-linux-ix86 | 0.1.2 | 11.79 | 31.70 | 43.50 | OK | |
r-release-linux-x86_64 | 0.1.2 | 9.16 | 22.70 | 31.86 | OK | |
r-release-osx-x86_64-mavericks | 0.1.2 | ERROR | ||||
r-release-osx-x86_64-snowleopard | 0.1.2 | OK | ||||
r-release-windows-ix86+x86_64 | 0.1.2 | 42.00 | 57.00 | 99.00 | OK | |
r-oldrel-windows-ix86+x86_64 | 0.1.2 | 41.00 | 55.00 | 96.00 | OK |
Version: 0.1.2
Check: package dependencies
Result: NOTE
Package suggested but not available for checking: ‘microbenchmark’
Flavor: r-patched-solaris-sparc
Version: 0.1.2
Check: whether package can be installed
Result: ERROR
Installation failed.
Flavors: r-patched-solaris-sparc, r-patched-solaris-x86
Version: 0.1.2
Check: package dependencies
Result: ERROR
Package required but not available: ‘RcppGSL’
See the information on DESCRIPTION files in the chapter ‘Creating R
packages’ of the ‘Writing R Extensions’ manual.
Flavor: r-release-osx-x86_64-mavericks