Last updated on 2014-10-02 01:48:25.
Flavor | Version | Tinstall | Tcheck | Ttotal | Status | Flags |
---|---|---|---|---|---|---|
r-devel-linux-x86_64-debian-clang | 0.14.5 | 21.40 | 54.15 | 75.55 | NOTE | |
r-devel-linux-x86_64-debian-gcc | 0.14.5 | 25.24 | 54.58 | 79.82 | NOTE | |
r-devel-linux-x86_64-fedora-gcc | 0.14.5 | 168.42 | NOTE | |||
r-devel-windows-ix86+x86_64 | 0.14.5 | 30.00 | 2.00 | 32.00 | ERROR | |
r-patched-linux-x86_64 | 0.14.5 | 25.94 | 56.64 | 82.58 | NOTE | |
r-release-linux-ix86 | 0.14.5 | 33.61 | 72.55 | 106.16 | NOTE | |
r-release-linux-x86_64 | 0.14.5 | 25.74 | 56.59 | 82.33 | NOTE | |
r-release-osx-x86_64-mavericks | 0.14.5 | ERROR | ||||
r-release-osx-x86_64-snowleopard | 0.14.5 | ERROR | ||||
r-release-windows-ix86+x86_64 | 0.14.5 | 11.00 | 2.00 | 13.00 | ERROR | |
r-oldrel-windows-ix86+x86_64 | 0.14.5 | 13.00 | 2.00 | 15.00 | ERROR |
Version: 0.14.5
Check: compiled code
Result: NOTE
File ‘RcppOctave/libs/RcppOctave.so’:
Found ‘_ZSt4cerr’, possibly from ‘std::cerr’ (C++)
Object: ‘rcpp_octave.o’
Compiled code should not call entry points which might terminate R nor
write to stdout/stderr instead of to the console, nor the C RNG.
See ‘Writing portable packages’ in the ‘Writing R Extensions’ manual.
Flavors: r-devel-linux-x86_64-debian-clang, r-devel-linux-x86_64-debian-gcc, r-devel-linux-x86_64-fedora-gcc
Version: 0.14.5
Check: installed package size
Result: NOTE
installed size is 5.1Mb
sub-directories of 1Mb or more:
libs 2.6Mb
modules 1.6Mb
Flavors: r-devel-linux-x86_64-debian-gcc, r-patched-linux-x86_64, r-release-linux-x86_64
Version: 0.14.5
Check: whether package can be installed
Result: ERROR
Installation failed.
Flavors: r-devel-windows-ix86+x86_64, r-release-osx-x86_64-mavericks, r-release-osx-x86_64-snowleopard, r-release-windows-ix86+x86_64, r-oldrel-windows-ix86+x86_64
Version: 0.14.5
Check: compiled code
Result: NOTE
File ‘/home/hornik/tmp/R.check/r-patched-gcc/Work/build/Packages/RcppOctave/libs/RcppOctave.so’:
Found ‘_ZSt4cerr’, possibly from ‘std::cerr’ (C++)
Object: ‘rcpp_octave.o’
Compiled code should not call entry points which might terminate R nor
write to stdout/stderr instead of to the console.
See ‘Writing portable packages’ in the ‘Writing R Extensions’ manual.
Flavor: r-patched-linux-x86_64
Version: 0.14.5
Check: compiled code
Result: NOTE
File ‘/home/hornik/tmp/R.check/r-release-gcc/Work/build/Packages/RcppOctave/libs/RcppOctave.so’:
Found ‘_ZSt4cerr’, possibly from ‘std::cerr’ (C++)
Object: ‘rcpp_octave.o’
Compiled code should not call entry points which might terminate R nor
write to stdout/stderr instead of to the console.
See ‘Writing portable packages’ in the ‘Writing R Extensions’ manual.
Flavors: r-release-linux-ix86, r-release-linux-x86_64