Last updated on 2014-10-02 01:48:25.
Flavor | Version | Tinstall | Tcheck | Ttotal | Status | Flags |
---|---|---|---|---|---|---|
r-devel-linux-x86_64-debian-clang | 0.1.2 | 13.62 | 26.79 | 40.41 | NOTE | |
r-devel-linux-x86_64-debian-gcc | 0.1.2 | 15.98 | 23.87 | 39.85 | NOTE | |
r-devel-linux-x86_64-fedora-clang | 0.1.2 | 80.58 | NOTE | |||
r-devel-linux-x86_64-fedora-gcc | 0.1.2 | 78.33 | NOTE | |||
r-devel-osx-x86_64-clang | 0.1.2 | 69.28 | NOTE | |||
r-devel-windows-ix86+x86_64 | 0.1.2 | 48.00 | 56.00 | 104.00 | NOTE | |
r-patched-linux-x86_64 | 0.1.2 | 16.50 | 25.10 | 41.61 | NOTE | |
r-patched-solaris-sparc | 0.1.2 | 463.20 | NOTE | |||
r-patched-solaris-x86 | 0.1.2 | 106.10 | NOTE | |||
r-release-linux-ix86 | 0.1.2 | 20.23 | 32.13 | 52.36 | NOTE | |
r-release-linux-x86_64 | 0.1.2 | 16.00 | 25.88 | 41.88 | NOTE | |
r-release-osx-x86_64-mavericks | 0.1.2 | NOTE | ||||
r-release-osx-x86_64-snowleopard | 0.1.2 | OK | ||||
r-release-windows-ix86+x86_64 | 0.1.2 | 52.00 | 60.00 | 112.00 | NOTE | |
r-oldrel-windows-ix86+x86_64 | 0.1.2 | 52.00 | 61.00 | 113.00 | NOTE |
Version: 0.1.2
Check: dependencies in R code
Result: NOTE
Packages in Depends field not imported from:
‘Rcpp’ ‘RcppArmadillo’
These packages need to be imported from (in the NAMESPACE file)
for when this namespace is loaded but not attached.
See the information on DESCRIPTION files in the chapter ‘Creating R
packages’ of the ‘Writing R Extensions’ manual.
Flavors: r-devel-linux-x86_64-debian-clang, r-devel-linux-x86_64-debian-gcc, r-devel-linux-x86_64-fedora-clang, r-devel-linux-x86_64-fedora-gcc, r-devel-osx-x86_64-clang, r-devel-windows-ix86+x86_64, r-patched-linux-x86_64, r-patched-solaris-sparc, r-patched-solaris-x86, r-release-linux-ix86, r-release-linux-x86_64, r-release-osx-x86_64-mavericks, r-release-windows-ix86+x86_64, r-oldrel-windows-ix86+x86_64