Last updated on 2014-10-02 01:48:25.
Flavor | Version | Tinstall | Tcheck | Ttotal | Status | Flags |
---|---|---|---|---|---|---|
r-devel-linux-x86_64-debian-clang | 0.1 | 1.48 | 47.88 | 49.36 | NOTE | |
r-devel-linux-x86_64-debian-gcc | 0.1 | 1.31 | 50.24 | 51.55 | NOTE | |
r-devel-linux-x86_64-fedora-clang | 0.1 | 101.46 | NOTE | |||
r-devel-linux-x86_64-fedora-gcc | 0.1 | 98.62 | NOTE | |||
r-devel-osx-x86_64-clang | 0.1 | 86.65 | NOTE | |||
r-devel-windows-ix86+x86_64 | 0.1 | 6.00 | 73.00 | 79.00 | NOTE | |
r-patched-linux-x86_64 | 0.1 | 1.32 | 52.16 | 53.48 | OK | |
r-patched-solaris-sparc | 0.1 | 602.10 | OK | |||
r-patched-solaris-x86 | 0.1 | 122.80 | OK | |||
r-release-linux-ix86 | 0.1 | 1.86 | 64.51 | 66.37 | OK | |
r-release-linux-x86_64 | 0.1 | 1.47 | 53.66 | 55.13 | OK | |
r-release-osx-x86_64-mavericks | 0.1 | NOTE | ||||
r-release-osx-x86_64-snowleopard | 0.1 | OK | ||||
r-release-windows-ix86+x86_64 | 0.1 | 5.00 | 85.00 | 90.00 | OK | |
r-oldrel-windows-ix86+x86_64 | 0.1 | 6.00 | 83.00 | 89.00 | OK |
Version: 0.1
Check: R code for possible problems
Result: NOTE
CropSpatialPolygonsDataFrame: no visible global function definition for
‘bbox’
CropSpatialPolygonsDataFrame: no visible global function definition for
‘clipPolys’
Flavors: r-devel-linux-x86_64-debian-clang, r-devel-linux-x86_64-debian-gcc, r-devel-linux-x86_64-fedora-clang, r-devel-linux-x86_64-fedora-gcc, r-devel-osx-x86_64-clang, r-devel-windows-ix86+x86_64
Version: 0.1
Check: re-building of vignette outputs
Result: NOTE
Error in re-building vignettes:
...
This is free software, and you are welcome to redistribute
it under certain conditions, as outlined in the above file.
A complete user guide 'PBSmapping-UG.pdf' is located at
/Builds/CRAN-QA-Simon/packages/mavericks-x86_64/Rlib/3.1/PBSmapping/doc/PBSmapping-UG.pdf
Packaged on 2014-03-27
Pacific Biological Station, Nanaimo
All available PBS packages can be found at
http://code.google.com/p/pbs-software/
To see demos, type '.PBSfigs()'.
-----------------------------------------------------------
Error in texi2dvi(file = file, pdf = TRUE, clean = clean, quiet = quiet, :
Running 'texi2dvi' on 'RapidPolygonLookup.tex' failed.
LaTeX errors:
! LaTeX Error: File `a4wide.sty' not found.
Type X to quit or <RETURN> to proceed,
or enter new name. (Default extension: sty)
Calls: buildVignettes -> texi2pdf -> texi2dvi
Execution halted
Flavor: r-release-osx-x86_64-mavericks