Last updated on 2014-10-02 01:48:25.
Flavor | Version | Tinstall | Tcheck | Ttotal | Status | Flags |
---|---|---|---|---|---|---|
r-devel-linux-x86_64-debian-clang | 0.9.2 | 9.01 | 56.34 | 65.35 | NOTE | |
r-devel-linux-x86_64-debian-gcc | 0.9.2 | 8.54 | 55.10 | 63.64 | NOTE | |
r-devel-linux-x86_64-fedora-clang | 0.9.2 | 147.59 | NOTE | |||
r-devel-linux-x86_64-fedora-gcc | 0.9.2 | 141.54 | NOTE | |||
r-devel-osx-x86_64-clang | 0.9.2 | 116.65 | NOTE | |||
r-devel-windows-ix86+x86_64 | 0.9.2 | 18.00 | 85.00 | 103.00 | NOTE | |
r-patched-linux-x86_64 | 0.9.2 | 9.58 | 60.13 | 69.71 | OK | |
r-patched-solaris-sparc | 0.9.2 | 890.50 | OK | |||
r-patched-solaris-x86 | 0.9.2 | 191.20 | OK | |||
r-release-linux-ix86 | 0.9.2 | 11.11 | 76.10 | 87.21 | OK | |
r-release-linux-x86_64 | 0.9.2 | 10.33 | 60.02 | 70.35 | OK | |
r-release-osx-x86_64-mavericks | 0.9.2 | OK | ||||
r-release-osx-x86_64-snowleopard | 0.9.2 | WARN | ||||
r-release-windows-ix86+x86_64 | 0.9.2 | 18.00 | 95.00 | 113.00 | OK | |
r-oldrel-windows-ix86+x86_64 | 0.9.2 | 19.00 | 91.00 | 110.00 | OK |
Version: 0.9.2
Check: R code for possible problems
Result: NOTE
.onAttach: no visible global function definition for
‘buildStartupMessage’
Flavors: r-devel-linux-x86_64-debian-clang, r-devel-linux-x86_64-debian-gcc, r-devel-linux-x86_64-fedora-clang, r-devel-linux-x86_64-fedora-gcc, r-devel-osx-x86_64-clang, r-devel-windows-ix86+x86_64
Version: 0.9.2
Check: examples
Result: WARN
checking a package with encoding 'latin1' in an ASCII locale
OK
Flavor: r-release-osx-x86_64-snowleopard