Last updated on 2014-10-02 01:48:27.
Flavor | Version | Tinstall | Tcheck | Ttotal | Status | Flags |
---|---|---|---|---|---|---|
r-devel-linux-x86_64-debian-clang | 1.0-8 | 0.74 | 16.25 | 16.99 | NOTE | |
r-devel-linux-x86_64-debian-gcc | 1.0-8 | 0.77 | 15.91 | 16.68 | NOTE | |
r-devel-linux-x86_64-fedora-clang | 1.0-8 | 36.73 | NOTE | |||
r-devel-linux-x86_64-fedora-gcc | 1.0-8 | 34.57 | NOTE | |||
r-devel-osx-x86_64-clang | 1.0-8 | 29.71 | NOTE | |||
r-devel-windows-ix86+x86_64 | 1.0-8 | 2.00 | 26.00 | 28.00 | NOTE | |
r-patched-linux-x86_64 | 1.0-8 | 0.77 | 16.74 | 17.50 | NOTE | |
r-patched-solaris-sparc | 1.0-8 | 181.30 | NOTE | |||
r-patched-solaris-x86 | 1.0-8 | 42.60 | NOTE | |||
r-release-linux-ix86 | 1.0-8 | 1.09 | 21.07 | 22.16 | NOTE | |
r-release-linux-x86_64 | 1.0-8 | 0.75 | 16.57 | 17.32 | NOTE | |
r-release-osx-x86_64-mavericks | 1.0-8 | NOTE | ||||
r-release-osx-x86_64-snowleopard | 1.0-8 | NOTE | ||||
r-release-windows-ix86+x86_64 | 1.0-8 | 3.00 | 27.00 | 30.00 | NOTE | |
r-oldrel-windows-ix86+x86_64 | 1.0-8 | 2.00 | 24.00 | 26.00 | NOTE |
Version: 1.0-8
Check: dependencies in R code
Result: NOTE
Package in Depends field not imported from: ‘lars’
These packages need to be imported from (in the NAMESPACE file)
for when this namespace is loaded but not attached.
See the information on DESCRIPTION files in the chapter ‘Creating R
packages’ of the ‘Writing R Extensions’ manual.
Flavors: r-devel-linux-x86_64-debian-clang, r-devel-linux-x86_64-debian-gcc, r-devel-linux-x86_64-fedora-clang, r-devel-linux-x86_64-fedora-gcc, r-devel-osx-x86_64-clang, r-devel-windows-ix86+x86_64, r-patched-linux-x86_64, r-patched-solaris-sparc, r-patched-solaris-x86, r-release-linux-ix86, r-release-linux-x86_64, r-release-osx-x86_64-mavericks, r-release-windows-ix86+x86_64, r-oldrel-windows-ix86+x86_64
Version: 1.0-8
Check: R code for possible problems
Result: NOTE
RXlarlso: no visible global function definition for ‘lars’
RXuclars: no visible global function definition for ‘lars’
Flavors: r-devel-linux-x86_64-debian-clang, r-devel-linux-x86_64-debian-gcc, r-devel-linux-x86_64-fedora-clang, r-devel-linux-x86_64-fedora-gcc, r-devel-osx-x86_64-clang, r-devel-windows-ix86+x86_64
Version: 1.0-8
Check: dependencies in R code
Result: NOTE
Package in Depends field not imported from: ‘lars’
These packages need to be imported from for the case when
this namespace is loaded but not attached.
See the information on DESCRIPTION files in the chapter ‘Creating R
packages’ of the ‘Writing R Extensions’ manual.
Flavor: r-release-osx-x86_64-snowleopard