Last updated on 2014-10-02 01:48:27.
Flavor | Version | Tinstall | Tcheck | Ttotal | Status | Flags |
---|---|---|---|---|---|---|
r-devel-linux-x86_64-debian-clang | 0.4-23 | 2.24 | 36.60 | 38.84 | OK | |
r-devel-linux-x86_64-debian-gcc | 0.4-23 | 2.36 | 35.74 | 38.10 | OK | |
r-devel-linux-x86_64-fedora-clang | 0.4-23 | 85.08 | OK | |||
r-devel-linux-x86_64-fedora-gcc | 0.4-23 | 81.55 | OK | |||
r-devel-osx-x86_64-clang | 0.4-23 | 74.09 | OK | |||
r-devel-windows-ix86+x86_64 | 0.4-23 | 6.00 | 52.00 | 58.00 | OK | |
r-patched-linux-x86_64 | 0.4-23 | 2.27 | 37.47 | 39.74 | OK | |
r-patched-solaris-sparc | 0.4-23 | 362.70 | OK | --no-examples --no-vignettes | ||
r-patched-solaris-x86 | 0.4-23 | 89.60 | OK | --no-examples --no-vignettes | ||
r-release-linux-ix86 | 0.4-23 | 2.98 | 46.92 | 49.90 | OK | |
r-release-linux-x86_64 | 0.4-23 | 2.48 | 38.07 | 40.56 | OK | |
r-release-osx-x86_64-mavericks | 0.4-23 | NOTE | ||||
r-release-osx-x86_64-snowleopard | 0.4-23 | OK | ||||
r-release-windows-ix86+x86_64 | 0.4-23 | 6.00 | 58.00 | 64.00 | OK | |
r-oldrel-windows-ix86+x86_64 | 0.4-23 | 7.00 | 51.00 | 58.00 | OK |
Version: 0.4-23
Check: re-building of vignette outputs
Result: NOTE
Error in re-building vignettes:
...
Loading required package: RWeka
Error in texi2dvi(file = file, pdf = TRUE, clean = clean, quiet = quiet, :
Running 'texi2dvi' on 'RWeka.tex' failed.
LaTeX errors:
! LaTeX Error: File `a4wide.sty' not found.
Type X to quit or <RETURN> to proceed,
or enter new name. (Default extension: sty)
est/RWeka/vignettes/RWeka.tex:5: ==> Fatal error occurred, no output PDF file
produced!
Calls: buildVignettes -> texi2pdf -> texi2dvi
Execution halted
Flavor: r-release-osx-x86_64-mavericks