Last updated on 2014-10-02 01:48:27.
Flavor | Version | Tinstall | Tcheck | Ttotal | Status | Flags |
---|---|---|---|---|---|---|
r-devel-linux-x86_64-debian-clang | 0.1-0 | 0.71 | 31.52 | 32.24 | NOTE | |
r-devel-linux-x86_64-debian-gcc | 0.1-0 | 0.68 | 31.58 | 32.26 | NOTE | |
r-devel-linux-x86_64-fedora-clang | 0.1-0 | 62.71 | NOTE | |||
r-devel-linux-x86_64-fedora-gcc | 0.1-0 | 63.51 | NOTE | |||
r-devel-osx-x86_64-clang | 0.1-0 | 53.27 | NOTE | |||
r-devel-windows-ix86+x86_64 | 0.1-0 | 2.00 | 49.00 | 51.00 | NOTE | |
r-patched-linux-x86_64 | 0.1-0 | 0.78 | 32.10 | 32.88 | NOTE | |
r-patched-solaris-sparc | 0.1-0 | 385.60 | NOTE | |||
r-patched-solaris-x86 | 0.1-0 | 86.00 | NOTE | |||
r-release-linux-ix86 | 0.1-0 | 1.03 | 39.74 | 40.78 | OK | |
r-release-linux-x86_64 | 0.1-0 | 0.71 | 31.62 | 32.32 | OK | |
r-release-osx-x86_64-mavericks | 0.1-0 | OK | ||||
r-release-osx-x86_64-snowleopard | 0.1-0 | OK | ||||
r-release-windows-ix86+x86_64 | 0.1-0 | 2.00 | 49.00 | 51.00 | OK | |
r-oldrel-windows-ix86+x86_64 | 0.1-0 | 3.00 | 45.00 | 48.00 | OK |
Version: 0.1-0
Check: dependencies in R code
Result: NOTE
Package in Depends field not imported from: ‘parallel’
These packages need to be imported from (in the NAMESPACE file)
for when this namespace is loaded but not attached.
See the information on DESCRIPTION files in the chapter ‘Creating R
packages’ of the ‘Writing R Extensions’ manual.
Flavors: r-devel-linux-x86_64-debian-clang, r-devel-linux-x86_64-debian-gcc, r-devel-linux-x86_64-fedora-clang, r-devel-linux-x86_64-fedora-gcc, r-devel-osx-x86_64-clang, r-devel-windows-ix86+x86_64, r-patched-linux-x86_64, r-patched-solaris-sparc, r-patched-solaris-x86