CRAN Package Check Results for Package RSelenium

Last updated on 2014-10-02 01:48:27.

Flavor Version Tinstall Tcheck Ttotal Status Flags
r-devel-linux-x86_64-debian-clang 1.3.1 2.22 27.58 29.80 OK
r-devel-linux-x86_64-debian-gcc 1.3.1 2.06 27.24 29.30 OK
r-devel-linux-x86_64-fedora-clang 1.3.1 64.71 OK
r-devel-linux-x86_64-fedora-gcc 1.3.1 65.14 OK
r-devel-osx-x86_64-clang 1.3.1 56.29 NOTE
r-devel-windows-ix86+x86_64 1.3.1 7.00 41.00 48.00 NOTE
r-patched-linux-x86_64 1.3.1 2.19 28.67 30.86 OK
r-patched-solaris-sparc 1.3.1 380.70 NOTE
r-patched-solaris-x86 1.3.1 89.40 NOTE
r-release-linux-ix86 1.3.1 2.78 38.48 41.26 OK
r-release-linux-x86_64 1.3.1 2.20 29.33 31.54 OK
r-release-osx-x86_64-mavericks 1.3.1 NOTE
r-release-osx-x86_64-snowleopard 1.3.1 NOTE
r-release-windows-ix86+x86_64 1.3.1 8.00 51.00 59.00 NOTE
r-oldrel-windows-ix86+x86_64 1.3.1 8.00 47.00 55.00 NOTE

Check Details

Version: 1.3.1
Check: package dependencies
Result: NOTE
    Package suggested but not available for checking: ‘Rcompression’
Flavors: r-devel-osx-x86_64-clang, r-devel-windows-ix86+x86_64, r-patched-solaris-sparc, r-patched-solaris-x86, r-release-osx-x86_64-mavericks, r-release-osx-x86_64-snowleopard, r-release-windows-ix86+x86_64, r-oldrel-windows-ix86+x86_64