Last updated on 2014-10-02 01:48:27.
Flavor | Version | Tinstall | Tcheck | Ttotal | Status | Flags |
---|---|---|---|---|---|---|
r-devel-linux-x86_64-debian-clang | 2.4.1 | 2.26 | 22.14 | 24.40 | NOTE | |
r-devel-linux-x86_64-debian-gcc | 2.4.1 | 2.20 | 21.23 | 23.42 | NOTE | |
r-devel-linux-x86_64-fedora-clang | 2.4.1 | 49.28 | NOTE | |||
r-devel-linux-x86_64-fedora-gcc | 2.4.1 | 49.86 | NOTE | |||
r-devel-osx-x86_64-clang | 2.4.1 | 44.32 | NOTE | |||
r-devel-windows-ix86+x86_64 | 2.4.1 | 9.00 | 41.00 | 50.00 | NOTE | |
r-patched-linux-x86_64 | 2.4.1 | 2.42 | 22.26 | 24.68 | OK | |
r-patched-solaris-sparc | 2.4.1 | 359.20 | OK | |||
r-patched-solaris-x86 | 2.4.1 | 81.70 | OK | |||
r-release-linux-ix86 | 2.4.1 | 3.32 | 31.05 | 34.37 | OK | |
r-release-linux-x86_64 | 2.4.1 | 2.40 | 22.88 | 25.28 | OK | |
r-release-osx-x86_64-mavericks | 2.4.1 | OK | ||||
r-release-osx-x86_64-snowleopard | 2.4.1 | OK | ||||
r-release-windows-ix86+x86_64 | 2.4.1 | 9.00 | 46.00 | 55.00 | OK | |
r-oldrel-windows-ix86+x86_64 | 2.4.1 | 9.00 | 49.00 | 58.00 | OK |
Version: 2.4.1
Check: R code for possible problems
Result: NOTE
showDigit: no visible binding for global variable ‘DutchUtility’
showbitmap: no visible binding for global variable ‘bitmapMat’
showbitmap: no visible binding for global variable ‘bitmapLab’
Flavors: r-devel-linux-x86_64-debian-clang, r-devel-linux-x86_64-debian-gcc, r-devel-linux-x86_64-fedora-clang, r-devel-linux-x86_64-fedora-gcc, r-devel-osx-x86_64-clang, r-devel-windows-ix86+x86_64