Last updated on 2014-10-02 01:48:26.
Flavor | Version | Tinstall | Tcheck | Ttotal | Status | Flags |
---|---|---|---|---|---|---|
r-devel-linux-x86_64-debian-clang | 0.4 | 3.07 | 25.06 | 28.14 | NOTE | |
r-devel-linux-x86_64-debian-gcc | 0.4 | 3.23 | 24.17 | 27.40 | NOTE | |
r-devel-linux-x86_64-fedora-clang | 0.4 | 180.60 | NOTE | |||
r-devel-linux-x86_64-fedora-gcc | 0.4 | 182.17 | NOTE | |||
r-devel-osx-x86_64-clang | 0.4 | 51.87 | OK | |||
r-devel-windows-ix86+x86_64 | 0.4 | 74.00 | 215.00 | 289.00 | OK | |
r-patched-linux-x86_64 | 0.4 | 3.72 | 25.42 | 29.14 | NOTE | |
r-patched-solaris-sparc | 0.4 | 313.00 | OK | |||
r-patched-solaris-x86 | 0.4 | 77.50 | OK | |||
r-release-linux-ix86 | 0.4 | 4.95 | 33.70 | 38.65 | OK | |
r-release-linux-x86_64 | 0.4 | 3.40 | 25.04 | 28.44 | NOTE | |
r-release-osx-x86_64-mavericks | 0.4 | ERROR | ||||
r-release-osx-x86_64-snowleopard | 0.4 | OK | ||||
r-release-windows-ix86+x86_64 | 0.4 | 61.00 | 234.00 | 295.00 | OK | |
r-oldrel-windows-ix86+x86_64 | 0.4 | 63.00 | 259.00 | 322.00 | OK |
Version: 0.4
Check: top-level files
Result: NOTE
Non-standard files/directories found at top level:
‘config.guess’ ‘config.sub’ ‘install-sh’
Flavors: r-devel-linux-x86_64-debian-clang, r-devel-linux-x86_64-debian-gcc, r-devel-linux-x86_64-fedora-clang, r-devel-linux-x86_64-fedora-gcc, r-patched-linux-x86_64, r-release-linux-x86_64
Version: 0.4
Check: Rd line widths
Result: NOTE
Rd file 'postgresqlBuildTableDefinition.Rd':
\usage lines wider than 90 characters:
postgresqlBuildTableDefinition(dbObj, name, obj, field.types = NULL, row.names = TRUE, ...)
Rd file 'postgresqlSupport.Rd':
\usage lines wider than 90 characters:
postgresqlNewConnection(drv, user, password, host, dbname, port, tty, options, forceISOdate = TRUE)
These lines will be truncated in the PDF manual.
Flavors: r-devel-linux-x86_64-debian-clang, r-devel-linux-x86_64-debian-gcc, r-devel-linux-x86_64-fedora-clang, r-devel-linux-x86_64-fedora-gcc, r-patched-linux-x86_64, r-release-linux-x86_64
Version: 0.4
Check: whether package can be installed
Result: ERROR
Installation failed.
Flavor: r-release-osx-x86_64-mavericks