Last updated on 2014-10-02 01:48:26.
Flavor | Version | Tinstall | Tcheck | Ttotal | Status | Flags |
---|---|---|---|---|---|---|
r-devel-linux-x86_64-debian-clang | 0.9.1 | 13.11 | 69.60 | 82.70 | OK | |
r-devel-linux-x86_64-debian-gcc | 0.9.1 | 12.79 | 68.20 | 80.98 | OK | |
r-devel-linux-x86_64-fedora-clang | 0.9.1 | 204.74 | OK | |||
r-devel-linux-x86_64-fedora-gcc | 0.9.1 | 196.50 | OK | |||
r-devel-osx-x86_64-clang | 0.9.1 | 146.75 | OK | |||
r-devel-windows-ix86+x86_64 | 0.9.1 | 27.00 | 100.00 | 127.00 | OK | |
r-patched-linux-x86_64 | 0.9.1 | 14.63 | 75.43 | 90.06 | OK | |
r-patched-solaris-sparc | 0.9.1 | 1162.90 | OK | |||
r-patched-solaris-x86 | 0.9.1 | 255.00 | OK | |||
r-release-linux-ix86 | 0.9.1 | 17.48 | 92.16 | 109.64 | OK | |
r-release-linux-x86_64 | 0.9.1 | 14.84 | 75.80 | 90.64 | OK | |
r-release-osx-x86_64-mavericks | 0.9.1 | OK | ||||
r-release-osx-x86_64-snowleopard | 0.9.1 | WARN | ||||
r-release-windows-ix86+x86_64 | 0.9.1 | 27.00 | 114.00 | 141.00 | OK | |
r-oldrel-windows-ix86+x86_64 | 0.9.1 | 26.00 | 114.00 | 140.00 | OK |
Version: 0.9.1
Check: examples
Result: WARN
checking a package with encoding 'latin1' in an ASCII locale
OK
Flavor: r-release-osx-x86_64-snowleopard