Last updated on 2014-10-02 01:48:26.
Flavor | Version | Tinstall | Tcheck | Ttotal | Status | Flags |
---|---|---|---|---|---|---|
r-devel-linux-x86_64-debian-clang | 1.3-10 | 3.17 | 17.65 | 20.82 | OK | |
r-devel-linux-x86_64-debian-gcc | 1.3-10 | 3.01 | 17.53 | 20.54 | OK | |
r-devel-linux-x86_64-fedora-clang | 1.3-10 | 40.50 | OK | |||
r-devel-linux-x86_64-fedora-gcc | 1.3-10 | 41.43 | OK | |||
r-devel-osx-x86_64-clang | 1.3-10 | 40.26 | OK | |||
r-devel-windows-ix86+x86_64 | 1.3-10 | 8.00 | 33.00 | 41.00 | OK | |
r-patched-linux-x86_64 | 1.3-10 | 3.23 | 17.68 | 20.91 | OK | |
r-patched-solaris-sparc | 1.3-10 | 206.30 | OK | |||
r-patched-solaris-x86 | 1.3-10 | 51.30 | OK | |||
r-release-linux-ix86 | 1.3-10 | 5.15 | 22.86 | 28.01 | OK | |
r-release-linux-x86_64 | 1.3-10 | 2.95 | 17.86 | 20.80 | OK | |
r-release-osx-x86_64-mavericks | 1.3-10 | ERROR | ||||
r-release-osx-x86_64-snowleopard | 1.3-10 | OK | ||||
r-release-windows-ix86+x86_64 | 1.3-10 | 13.00 | 33.00 | 46.00 | OK | |
r-oldrel-windows-ix86+x86_64 | 1.3-10 | 8.00 | 33.00 | 41.00 | OK |
Version: 1.3-10
Check: whether package can be installed
Result: ERROR
Installation failed.
Flavor: r-release-osx-x86_64-mavericks