Last updated on 2014-10-02 01:48:26.
Flavor | Version | Tinstall | Tcheck | Ttotal | Status | Flags |
---|---|---|---|---|---|---|
r-devel-linux-x86_64-debian-clang | 0.8 | 1.10 | 15.89 | 16.98 | NOTE | |
r-devel-linux-x86_64-debian-gcc | 0.8 | 0.74 | 15.61 | 16.36 | NOTE | |
r-devel-linux-x86_64-fedora-clang | 0.8 | 34.02 | NOTE | |||
r-devel-linux-x86_64-fedora-gcc | 0.8 | 33.68 | NOTE | |||
r-devel-osx-x86_64-clang | 0.8 | 31.88 | NOTE | |||
r-devel-windows-ix86+x86_64 | 0.8 | 3.00 | 27.00 | 30.00 | NOTE | |
r-patched-linux-x86_64 | 0.8 | 0.81 | 16.39 | 17.20 | NOTE | |
r-patched-solaris-sparc | 0.8 | 211.70 | NOTE | |||
r-patched-solaris-x86 | 0.8 | 44.90 | NOTE | |||
r-release-linux-ix86 | 0.8 | 1.19 | 22.54 | 23.73 | NOTE | |
r-release-linux-x86_64 | 0.8 | 0.80 | 16.89 | 17.69 | NOTE | |
r-release-osx-x86_64-mavericks | 0.8 | NOTE | ||||
r-release-osx-x86_64-snowleopard | 0.8 | OK | ||||
r-release-windows-ix86+x86_64 | 0.8 | 4.00 | 28.00 | 32.00 | NOTE | |
r-oldrel-windows-ix86+x86_64 | 0.8 | 4.00 | 27.00 | 31.00 | NOTE |
Version: 0.8
Check: dependencies in R code
Result: NOTE
Packages in Depends field not imported from:
‘date’ ‘relsurv’ ‘splines’ ‘survival’
These packages need to be imported from (in the NAMESPACE file)
for when this namespace is loaded but not attached.
See the information on DESCRIPTION files in the chapter ‘Creating R
packages’ of the ‘Writing R Extensions’ manual.
Flavors: r-devel-linux-x86_64-debian-clang, r-devel-linux-x86_64-debian-gcc, r-devel-linux-x86_64-fedora-clang, r-devel-linux-x86_64-fedora-gcc, r-devel-osx-x86_64-clang, r-devel-windows-ix86+x86_64, r-patched-linux-x86_64, r-patched-solaris-sparc, r-patched-solaris-x86
Version: 0.8
Check: R code for possible problems
Result: NOTE
allcause.ROCt: no visible global function definition for ‘survfit’
allcause.ROCt : .temp.se: no visible global function definition for
‘survfit’
allcause.ROCt : .temp.sp: no visible global function definition for
‘survfit’
allcause.ROCt : .survie.x: no visible global function definition for
‘survfit’
net.ROCt: no visible global function definition for ‘rs.surv’
net.ROCt : .temp.se: no visible global function definition for
‘rs.surv’
net.ROCt : .temp.sp: no visible global function definition for
‘rs.surv’
net.ROCt : .survie.x: no visible global function definition for
‘rs.surv’
Flavors: r-devel-linux-x86_64-debian-clang, r-devel-linux-x86_64-debian-gcc, r-devel-linux-x86_64-fedora-clang, r-devel-linux-x86_64-fedora-gcc, r-devel-osx-x86_64-clang, r-devel-windows-ix86+x86_64
Version: 0.8
Check: dependencies in R code
Result: NOTE
Packages in Depends field not imported from:
‘date’ ‘relsurv’ ‘survival’
These packages need to be imported from (in the NAMESPACE file)
for when this namespace is loaded but not attached.
See the information on DESCRIPTION files in the chapter ‘Creating R
packages’ of the ‘Writing R Extensions’ manual.
Flavors: r-release-linux-ix86, r-release-linux-x86_64, r-release-osx-x86_64-mavericks, r-release-windows-ix86+x86_64, r-oldrel-windows-ix86+x86_64