Last updated on 2014-10-02 01:48:26.
Flavor | Version | Tinstall | Tcheck | Ttotal | Status | Flags |
---|---|---|---|---|---|---|
r-devel-linux-x86_64-debian-clang | 1.0-5 | 1.02 | 17.94 | 18.96 | NOTE | |
r-devel-linux-x86_64-debian-gcc | 1.0-5 | 0.98 | 17.73 | 18.71 | NOTE | |
r-devel-linux-x86_64-fedora-clang | 1.0-5 | 37.29 | NOTE | |||
r-devel-linux-x86_64-fedora-gcc | 1.0-5 | 37.40 | NOTE | |||
r-devel-osx-x86_64-clang | 1.0-5 | 35.75 | OK | |||
r-devel-windows-ix86+x86_64 | 1.0-5 | 4.00 | 29.00 | 33.00 | OK | |
r-patched-linux-x86_64 | 1.0-5 | 1.13 | 17.88 | 19.02 | NOTE | |
r-patched-solaris-sparc | 1.0-5 | 233.70 | OK | |||
r-patched-solaris-x86 | 1.0-5 | 50.60 | OK | |||
r-release-linux-ix86 | 1.0-5 | 1.31 | 24.82 | 26.13 | OK | |
r-release-linux-x86_64 | 1.0-5 | 0.99 | 17.96 | 18.96 | NOTE | |
r-release-osx-x86_64-mavericks | 1.0-5 | OK | ||||
r-release-osx-x86_64-snowleopard | 1.0-5 | OK | ||||
r-release-windows-ix86+x86_64 | 1.0-5 | 3.00 | 30.00 | 33.00 | OK | |
r-oldrel-windows-ix86+x86_64 | 1.0-5 | 4.00 | 30.00 | 34.00 | OK |
Version: 1.0-5
Check: top-level files
Result: NOTE
Non-standard files/directories found at top level:
‘README.unittests’ ‘unittests’
Flavors: r-devel-linux-x86_64-debian-clang, r-devel-linux-x86_64-debian-gcc, r-devel-linux-x86_64-fedora-clang, r-devel-linux-x86_64-fedora-gcc, r-patched-linux-x86_64, r-release-linux-x86_64