Last updated on 2014-10-02 01:48:26.
Flavor | Version | Tinstall | Tcheck | Ttotal | Status | Flags |
---|---|---|---|---|---|---|
r-devel-linux-x86_64-debian-clang | 1.6.3-1 | 3.04 | 12.89 | 15.94 | OK | |
r-devel-linux-x86_64-debian-gcc | 1.6.3-1 | 2.66 | 12.60 | 15.26 | OK | |
r-devel-linux-x86_64-fedora-clang | 1.6.3-1 | 30.38 | OK | |||
r-devel-linux-x86_64-fedora-gcc | 1.6.3-1 | 30.30 | OK | |||
r-devel-osx-x86_64-clang | 1.6.3-1 | 33.60 | OK | |||
r-devel-windows-ix86+x86_64 | 1.6.3-1 | 8.00 | 33.00 | 41.00 | OK | |
r-patched-linux-x86_64 | 1.6.3-1 | 2.79 | 13.20 | 15.99 | OK | |
r-patched-solaris-sparc | 1.6.3-1 | 151.20 | OK | |||
r-patched-solaris-x86 | 1.6.3-1 | 44.70 | OK | |||
r-release-linux-ix86 | 1.6.3-1 | 4.82 | 19.30 | 24.12 | OK | |
r-release-linux-x86_64 | 1.6.3-1 | 2.68 | 12.72 | 15.40 | OK | |
r-release-osx-x86_64-mavericks | 1.6.3-1 | NOTE | ||||
r-release-osx-x86_64-snowleopard | 1.6.3-1 | NOTE | ||||
r-release-windows-ix86+x86_64 | 1.6.3-1 | 6.00 | 30.00 | 36.00 | OK | |
r-oldrel-windows-ix86+x86_64 | 1.6.3-1 | 6.00 | 32.00 | 38.00 | OK |
Memtest notes: valgrind valgrind
Version: 1.6.3-1
Check: installed package size
Result: NOTE
installed size is 6.2Mb
sub-directories of 1Mb or more:
libs 6.1Mb
Flavors: r-release-osx-x86_64-mavericks, r-release-osx-x86_64-snowleopard