Last updated on 2014-10-02 01:48:26.
Flavor | Version | Tinstall | Tcheck | Ttotal | Status | Flags |
---|---|---|---|---|---|---|
r-devel-linux-x86_64-debian-clang | 0.9-3 | 3.55 | 20.40 | 23.94 | OK | |
r-devel-linux-x86_64-debian-gcc | 0.9-3 | 3.79 | 19.49 | 23.28 | OK | |
r-devel-linux-x86_64-fedora-clang | 0.9-3 | 49.55 | OK | |||
r-devel-linux-x86_64-fedora-gcc | 0.9-3 | 50.74 | OK | |||
r-patched-linux-x86_64 | 0.9-3 | 3.94 | 20.52 | 24.46 | OK | |
r-release-linux-ix86 | 0.9-3 | 6.02 | 26.73 | 32.75 | OK | |
r-release-linux-x86_64 | 0.9-3 | 3.79 | 20.48 | 24.27 | OK | |
r-release-osx-x86_64-mavericks | 0.9-3 | ERROR |
Version: 0.9-3
Check: whether package can be installed
Result: ERROR
Installation failed.
See ‘/Builds/CRAN-QA-Simon/packages/mavericks-x86_64/results/3.1/RMySQL.Rcheck/00install.out’ for details.
* pre-conf. environment: (PKG_CFLAGS=, PKG_CPPFLAGS=-I/usr/local/mysql/include, PKG_LIBS=-L/usr/local/mysql/lib -lmysqlclient)
Flavor: r-release-osx-x86_64-mavericks