Last updated on 2014-10-02 01:48:26.
Flavor | Version | Tinstall | Tcheck | Ttotal | Status | Flags |
---|---|---|---|---|---|---|
r-devel-linux-x86_64-debian-clang | 3.0 | 6.12 | 18.14 | 24.26 | NOTE | |
r-devel-linux-x86_64-debian-gcc | 3.0 | 6.97 | 18.16 | 25.14 | NOTE | |
r-devel-linux-x86_64-fedora-clang | 3.0 | 53.56 | NOTE | |||
r-devel-linux-x86_64-fedora-gcc | 3.0 | 55.71 | NOTE | |||
r-devel-osx-x86_64-clang | 3.0 | 43.94 | NOTE | |||
r-devel-windows-ix86+x86_64 | 3.0 | 23.00 | 41.00 | 64.00 | NOTE | |
r-patched-linux-x86_64 | 3.0 | 6.84 | 20.27 | 27.11 | OK | |
r-patched-solaris-sparc | 3.0 | 295.80 | OK | |||
r-patched-solaris-x86 | 3.0 | 75.70 | OK | |||
r-release-linux-ix86 | 3.0 | 9.55 | 27.32 | 36.88 | OK | |
r-release-linux-x86_64 | 3.0 | 6.90 | 20.54 | 27.44 | OK | |
r-release-osx-x86_64-mavericks | 3.0 | OK | ||||
r-release-osx-x86_64-snowleopard | 3.0 | OK | ||||
r-release-windows-ix86+x86_64 | 3.0 | 20.00 | 45.00 | 65.00 | OK | |
r-oldrel-windows-ix86+x86_64 | 3.0 | 25.00 | 44.00 | 69.00 | OK |
Version: 3.0
Check: R code for possible problems
Result: NOTE
exactLRT: no visible global function definition for ‘isREML’
exactRLRT: no visible global function definition for ‘isREML’
exactRLRT: no visible global function definition for ‘getME’
extract.lmerModDesign: no visible global function definition for
‘getME’
extract.lmerModDesign: no visible global function definition for
‘VarCorr’
extract.lmerModDesign: no visible global function definition for
‘sigma’
Flavors: r-devel-linux-x86_64-debian-clang, r-devel-linux-x86_64-debian-gcc, r-devel-linux-x86_64-fedora-clang, r-devel-linux-x86_64-fedora-gcc, r-devel-osx-x86_64-clang, r-devel-windows-ix86+x86_64