Last updated on 2014-10-02 01:48:26.
Flavor | Version | Tinstall | Tcheck | Ttotal | Status | Flags |
---|---|---|---|---|---|---|
r-devel-linux-x86_64-debian-clang | 0.0-4 | 2.43 | 25.24 | 27.66 | NOTE | |
r-devel-linux-x86_64-debian-gcc | 0.0-4 | 2.42 | 24.72 | 27.15 | NOTE | |
r-devel-linux-x86_64-fedora-clang | 0.0-4 | 59.99 | NOTE | |||
r-devel-linux-x86_64-fedora-gcc | 0.0-4 | 62.85 | NOTE | |||
r-devel-osx-x86_64-clang | 0.0-4 | 52.72 | NOTE | |||
r-devel-windows-ix86+x86_64 | 0.0-4 | 7.00 | 40.00 | 47.00 | NOTE | |
r-patched-linux-x86_64 | 0.0-4 | 2.46 | 25.50 | 27.96 | NOTE | |
r-patched-solaris-sparc | 0.0-4 | 319.30 | NOTE | |||
r-patched-solaris-x86 | 0.0-4 | 79.90 | NOTE | |||
r-release-linux-ix86 | 0.0-4 | 3.28 | 31.97 | 35.25 | NOTE | |
r-release-linux-x86_64 | 0.0-4 | 2.49 | 26.10 | 28.59 | NOTE | |
r-release-osx-x86_64-mavericks | 0.0-4 | NOTE | ||||
r-release-osx-x86_64-snowleopard | 0.0-4 | NOTE | ||||
r-release-windows-ix86+x86_64 | 0.0-4 | 7.00 | 44.00 | 51.00 | NOTE | |
r-oldrel-windows-ix86+x86_64 | 0.0-4 | 7.00 | 39.00 | 46.00 | NOTE |
Version: 0.0-4
Check: installed package size
Result: NOTE
installed size is 11.0Mb
sub-directories of 1Mb or more:
java 10.8Mb
Flavors: r-devel-linux-x86_64-debian-clang, r-devel-linux-x86_64-debian-gcc, r-devel-linux-x86_64-fedora-clang, r-devel-linux-x86_64-fedora-gcc, r-devel-osx-x86_64-clang, r-devel-windows-ix86+x86_64, r-patched-linux-x86_64, r-patched-solaris-sparc, r-patched-solaris-x86, r-release-linux-ix86, r-release-linux-x86_64, r-release-osx-x86_64-mavericks, r-release-osx-x86_64-snowleopard, r-release-windows-ix86+x86_64, r-oldrel-windows-ix86+x86_64