Last updated on 2014-10-02 01:48:26.
Flavor | Version | Tinstall | Tcheck | Ttotal | Status | Flags |
---|---|---|---|---|---|---|
r-devel-linux-x86_64-debian-clang | 2.20.31 | 99.23 | 263.97 | 363.20 | NOTE | |
r-devel-linux-x86_64-debian-gcc | 2.20.31 | 113.11 | 259.10 | 372.22 | NOTE | |
r-devel-linux-x86_64-fedora-clang | 2.20.31 | 748.85 | NOTE | |||
r-devel-linux-x86_64-fedora-gcc | 2.20.31 | 755.88 | NOTE | |||
r-devel-osx-x86_64-clang | 2.20.31 | 573.14 | NOTE | |||
r-devel-windows-ix86+x86_64 | 2.20.31 | 395.00 | 417.00 | 812.00 | NOTE | |
r-patched-linux-x86_64 | 2.20.31 | 120.75 | 279.20 | 399.95 | NOTE | |
r-patched-solaris-sparc | 2.20.31 | 4360.10 | NOTE | |||
r-patched-solaris-x86 | 2.20.31 | 907.50 | NOTE | |||
r-release-linux-ix86 | 2.20.31 | 150.64 | 320.54 | 471.18 | NOTE | |
r-release-linux-x86_64 | 2.20.31 | 116.85 | 281.95 | 398.80 | NOTE | |
r-release-osx-x86_64-mavericks | 2.20.31 | ERROR | ||||
r-release-osx-x86_64-snowleopard | 2.20.31 | WARN | ||||
r-release-windows-ix86+x86_64 | 2.20.31 | 236.00 | 314.00 | 550.00 | NOTE | |
r-oldrel-windows-ix86+x86_64 | 2.20.31 | 251.00 | 338.00 | 589.00 | NOTE |
Version: 2.20.31
Check: installed package size
Result: NOTE
installed size is 22.1Mb
sub-directories of 1Mb or more:
R 1.8Mb
help 10.5Mb
libs 8.0Mb
Flavors: r-devel-linux-x86_64-debian-clang, r-devel-linux-x86_64-debian-gcc, r-devel-linux-x86_64-fedora-clang, r-devel-linux-x86_64-fedora-gcc, r-devel-osx-x86_64-clang, r-devel-windows-ix86+x86_64, r-patched-linux-x86_64, r-patched-solaris-sparc, r-patched-solaris-x86, r-release-linux-ix86, r-release-linux-x86_64, r-release-osx-x86_64-snowleopard, r-release-windows-ix86+x86_64, r-oldrel-windows-ix86+x86_64
Version: 2.20.31
Check: compiled code
Result: NOTE
File ‘RGtk2/libs/RGtk2.so’:
Found non-API calls to R: ‘R_CStackLimit’, ‘Rf_EncodeInteger’,
‘Rf_EncodeLogical’, ‘Rf_EncodeReal’, ‘Rf_formatInteger’,
‘Rf_formatLogical’, ‘Rf_formatReal’
Compiled code should not call non-API entry points in R.
See ‘Writing portable packages’ in the ‘Writing R Extensions’ manual.
Flavors: r-devel-linux-x86_64-debian-clang, r-devel-linux-x86_64-debian-gcc, r-devel-linux-x86_64-fedora-clang, r-devel-linux-x86_64-fedora-gcc, r-devel-osx-x86_64-clang
Version: 2.20.31
Check: compiled code
Result: NOTE
File 'RGtk2/libs/i386/RGtk2.dll':
Found non-API calls to R: 'Rf_EncodeInteger', 'Rf_EncodeLogical',
'Rf_EncodeReal', 'Rf_formatInteger', 'Rf_formatLogical',
'Rf_formatReal'
File 'RGtk2/libs/x64/RGtk2.dll':
Found non-API calls to R: 'Rf_EncodeInteger', 'Rf_EncodeLogical',
'Rf_EncodeReal', 'Rf_formatInteger', 'Rf_formatLogical',
'Rf_formatReal'
Compiled code should not call non-API entry points in R.
See 'Writing portable packages' in the 'Writing R Extensions' manual.
Flavor: r-devel-windows-ix86+x86_64
Version: 2.20.31
Check: compiled code
Result: NOTE
File ‘/home/hornik/tmp/R.check/r-patched-gcc/Work/build/Packages/RGtk2/libs/RGtk2.so’:
Found non-API calls to R: ‘R_CStackLimit’, ‘Rf_EncodeInteger’,
‘Rf_EncodeLogical’, ‘Rf_EncodeReal’, ‘Rf_formatInteger’,
‘Rf_formatLogical’, ‘Rf_formatReal’
Compiled code should not call non-API entry points in R.
See ‘Writing portable packages’ in the ‘Writing R Extensions’ manual.
Flavor: r-patched-linux-x86_64
Version: 2.20.31
Check: compiled code
Result: NOTE
File ‘/home/ripley/R/Lib32/RGtk2/libs/RGtk2.so’:
Found non-API calls to R: ‘R_CStackLimit’, ‘Rf_EncodeInteger’,
‘Rf_EncodeLogical’, ‘Rf_EncodeReal’, ‘Rf_formatInteger’,
‘Rf_formatLogical’, ‘Rf_formatReal’
Compiled code should not call non-API entry points in R.
See ‘Writing portable packages’ in the ‘Writing R Extensions’ manual.
Flavors: r-patched-solaris-sparc, r-patched-solaris-x86
Version: 2.20.31
Check: compiled code
Result: NOTE
File ‘/home/hornik/tmp/R.check/r-release-gcc/Work/build/Packages/RGtk2/libs/RGtk2.so’:
Found non-API calls to R: ‘R_CStackLimit’, ‘Rf_EncodeInteger’,
‘Rf_EncodeLogical’, ‘Rf_EncodeReal’, ‘Rf_formatInteger’,
‘Rf_formatLogical’, ‘Rf_formatReal’
Compiled code should not call non-API entry points in R.
See ‘Writing portable packages’ in the ‘Writing R Extensions’ manual.
Flavors: r-release-linux-ix86, r-release-linux-x86_64
Version: 2.20.31
Check: whether package can be installed
Result: ERROR
Installation failed.
Flavor: r-release-osx-x86_64-mavericks
Version: 2.20.31
Check: whether package can be installed
Result: WARN
Found the following significant warnings:
cairoFuncs.c:3370: warning: passing argument 1 of ‘g_free’ discards qualifiers from pointer target type
Flavor: r-release-osx-x86_64-snowleopard
Version: 2.20.31
Check: compiled code
Result: NOTE
File ‘/Volumes/XT3/Builds/R-dev-web/QA/Simon/packages/snowleopard-x86_64/results/3.1/RGtk2.Rcheck/RGtk2/libs/RGtk2.so’:
Found non-API calls to R: ‘R_CStackLimit’, ‘Rf_EncodeInteger’,
‘Rf_EncodeLogical’, ‘Rf_EncodeReal’, ‘Rf_formatInteger’,
‘Rf_formatLogical’, ‘Rf_formatReal’
Compiled code should not call non-API entry points in R.
See ‘Writing portable packages’ in the ‘Writing R Extensions’ manual.
Flavor: r-release-osx-x86_64-snowleopard
Version: 2.20.31
Check: compiled code
Result: NOTE
File 'd:/Rcompile/CRANpkg/lib/3.1/RGtk2/libs/i386/RGtk2.dll':
Found non-API calls to R: 'Rf_EncodeInteger', 'Rf_EncodeLogical',
'Rf_EncodeReal', 'Rf_formatInteger', 'Rf_formatLogical',
'Rf_formatReal'
File 'd:/Rcompile/CRANpkg/lib/3.1/RGtk2/libs/x64/RGtk2.dll':
Found non-API calls to R: 'Rf_EncodeInteger', 'Rf_EncodeLogical',
'Rf_EncodeReal', 'Rf_formatInteger', 'Rf_formatLogical',
'Rf_formatReal'
Compiled code should not call non-API entry points in R.
See 'Writing portable packages' in the 'Writing R Extensions' manual.
Flavor: r-release-windows-ix86+x86_64
Version: 2.20.31
Check: compiled code
Result: NOTE
File 'd:/Rcompile/CRANpkg/lib/3.0/RGtk2/libs/i386/RGtk2.dll':
Found non-API calls to R: 'Rf_EncodeInteger', 'Rf_EncodeLogical',
'Rf_EncodeReal', 'Rf_formatInteger', 'Rf_formatLogical',
'Rf_formatReal'
File 'd:/Rcompile/CRANpkg/lib/3.0/RGtk2/libs/x64/RGtk2.dll':
Found non-API calls to R: 'Rf_EncodeInteger', 'Rf_EncodeLogical',
'Rf_EncodeReal', 'Rf_formatInteger', 'Rf_formatLogical',
'Rf_formatReal'
Compiled code should not call non-API entry points in R.
See 'Writing portable packages' in the 'Writing R Extensions' manual.
Flavor: r-oldrel-windows-ix86+x86_64