Last updated on 2014-10-02 01:48:24.
Flavor | Version | Tinstall | Tcheck | Ttotal | Status | Flags |
---|---|---|---|---|---|---|
r-devel-linux-x86_64-debian-clang | 2.1-19 | 1.25 | 23.78 | 25.03 | NOTE | |
r-devel-linux-x86_64-debian-gcc | 2.1-19 | 1.05 | 22.67 | 23.72 | NOTE | |
r-devel-linux-x86_64-fedora-clang | 2.1-19 | 51.83 | NOTE | |||
r-devel-linux-x86_64-fedora-gcc | 2.1-19 | 50.35 | NOTE | |||
r-devel-osx-x86_64-clang | 2.1-19 | 53.14 | NOTE | |||
r-devel-windows-ix86+x86_64 | 2.1-19 | 4.00 | 32.00 | 36.00 | NOTE | |
r-patched-linux-x86_64 | 2.1-19 | 1.12 | 23.55 | 24.67 | NOTE | |
r-patched-solaris-sparc | 2.1-19 | 291.90 | NOTE | |||
r-patched-solaris-x86 | 2.1-19 | 65.90 | NOTE | |||
r-release-linux-ix86 | 2.1-19 | 1.57 | 31.48 | 33.05 | NOTE | |
r-release-linux-x86_64 | 2.1-19 | 1.50 | 23.48 | 24.98 | NOTE | |
r-release-osx-x86_64-mavericks | 2.1-19 | NOTE | ||||
r-release-windows-ix86+x86_64 | 2.1-19 | 5.00 | 33.00 | 38.00 | NOTE | |
r-oldrel-windows-ix86+x86_64 | 2.1-19 | 5.00 | 34.00 | 39.00 | NOTE |
Version: 2.1-19
Check: dependencies in R code
Result: NOTE
'library' or 'require' call to ‘coda’ which was already attached by Depends.
Please remove these calls from your code.
See the information on DESCRIPTION files in the chapter ‘Creating R
packages’ of the ‘Writing R Extensions’ manual.
Flavors: r-devel-linux-x86_64-debian-clang, r-devel-linux-x86_64-debian-gcc, r-devel-linux-x86_64-fedora-clang, r-devel-linux-x86_64-fedora-gcc, r-devel-osx-x86_64-clang, r-devel-windows-ix86+x86_64, r-patched-linux-x86_64, r-patched-solaris-sparc, r-patched-solaris-x86, r-release-linux-ix86, r-release-linux-x86_64, r-release-osx-x86_64-mavericks, r-release-windows-ix86+x86_64, r-oldrel-windows-ix86+x86_64
Version: 2.1-19
Check: R code for possible problems
Result: NOTE
Found the following calls to attach():
File ‘R2WinBUGS/R/attach.all.R’:
attach(x, name = name)
See section ‘Good practice’ in ‘?attach’.
Flavors: r-devel-linux-x86_64-debian-clang, r-devel-linux-x86_64-debian-gcc, r-patched-linux-x86_64, r-release-linux-x86_64
Version: 2.1-19
Check: package dependencies
Result: NOTE
Package suggested but not available for checking: ‘BRugs’
Flavors: r-devel-osx-x86_64-clang, r-patched-solaris-sparc, r-patched-solaris-x86, r-release-osx-x86_64-mavericks
Version: 2.1-19
Check: Rd cross-references
Result: NOTE
Package unavailable to check Rd xrefs: ‘BRugs’
Flavors: r-devel-osx-x86_64-clang, r-patched-solaris-sparc, r-patched-solaris-x86, r-release-osx-x86_64-mavericks
Version: 2.1-19
Check: re-building of vignette outputs
Result: NOTE
Error in re-building vignettes:
...
Error in texi2dvi(file = file, pdf = TRUE, clean = clean, quiet = quiet, :
Running 'texi2dvi' on 'R2WinBUGS.tex' failed.
LaTeX errors:
! LaTeX Error: File `a4wide.sty' not found.
Type X to quit or <RETURN> to proceed,
or enter new name. (Default extension: sty)
./Z.cls:20: ==> Fatal error occurred, no output PDF file produced!
Calls: buildVignettes -> texi2pdf -> texi2dvi
Execution halted
Flavor: r-release-osx-x86_64-mavericks