Last updated on 2014-10-02 01:48:24.
Flavor | Version | Tinstall | Tcheck | Ttotal | Status | Flags |
---|---|---|---|---|---|---|
r-devel-linux-x86_64-debian-clang | 0.8 | 10.30 | 15.90 | 26.20 | NOTE | |
r-devel-linux-x86_64-debian-gcc | 0.8 | 13.05 | 14.91 | 27.96 | NOTE | |
r-devel-linux-x86_64-fedora-clang | 0.8 | 49.34 | NOTE | |||
r-devel-linux-x86_64-fedora-gcc | 0.8 | 50.17 | NOTE | |||
r-devel-osx-x86_64-clang | 0.8 | 43.82 | NOTE | |||
r-devel-windows-ix86+x86_64 | 0.8 | 64.00 | 41.00 | 105.00 | NOTE | |
r-patched-linux-x86_64 | 0.8 | 13.44 | 15.78 | 29.21 | OK | |
r-patched-solaris-sparc | 0.8 | 309.00 | OK | |||
r-patched-solaris-x86 | 0.8 | 73.80 | OK | |||
r-release-linux-ix86 | 0.8 | 18.81 | 23.49 | 42.30 | OK | |
r-release-linux-x86_64 | 0.8 | 13.11 | 15.55 | 28.66 | OK | |
r-release-osx-x86_64-mavericks | 0.8 | OK | ||||
r-release-osx-x86_64-snowleopard | 0.8 | OK | ||||
r-release-windows-ix86+x86_64 | 0.8 | 60.00 | 42.00 | 102.00 | OK | |
r-oldrel-windows-ix86+x86_64 | 0.8 | 63.00 | 46.00 | 109.00 | OK |
Memtest notes: valgrind
Version: 0.8
Check: R code for possible problems
Result: NOTE
parseSVG: no visible global function definition for ‘xmlParse’
parseSVG: no visible global function definition for ‘newXMLNamespace’
parseSVG: no visible global function definition for ‘xmlRoot’
parseSVG: no visible global function definition for ‘getNodeSet’
parseSVG : updateStyleUpward: no visible global function definition for
‘xmlAttrs’
parseSVG : updateStyleUpward: no visible global function definition for
‘xmlParent’
parseSVG : parseNode: no visible global function definition for
‘xmlName’
parseSVG : parseNode: no visible global function definition for
‘xmlAttrs’
parseSVG : parseNode: no visible global function definition for
‘getNodeSet’
parseSVG : expandNode: no visible global function definition for
‘xmlChildren’
parseSVG: no visible global function definition for ‘xmlSApply’
svg2swf: no visible global function definition for ‘xmlParse’
svg2swf: no visible global function definition for ‘xmlAttrs’
svg2swf: no visible global function definition for ‘xmlRoot’
Flavors: r-devel-linux-x86_64-debian-clang, r-devel-linux-x86_64-debian-gcc, r-devel-linux-x86_64-fedora-clang, r-devel-linux-x86_64-fedora-gcc, r-devel-osx-x86_64-clang, r-devel-windows-ix86+x86_64