CRAN Package Check Results for Package R2PPT

Last updated on 2014-10-02 01:48:24.

Flavor Version Tinstall Tcheck Ttotal Status Flags
r-devel-windows-ix86+x86_64 2.1 3.00 17.00 20.00 NOTE
r-release-osx-x86_64-mavericks 2.1 OK
r-release-osx-x86_64-snowleopard 2.1 OK
r-release-windows-ix86+x86_64 2.1 4.00 18.00 22.00 NOTE
r-oldrel-windows-ix86+x86_64 2.1 3.00 17.00 20.00 NOTE

Check Details

Version: 2.1
Check: package dependencies
Result: NOTE
    Package suggested but not available for checking: 'rcom'
Flavor: r-devel-windows-ix86+x86_64

Version: 2.1
Check: R code for possible problems
Result: NOTE
    PPT.AddBlankSlide: no visible global function definition for
     'comIsValidHandle'
    PPT.AddDataFrame: no visible global function definition for
     'comIsValidHandle'
    PPT.AddGraphicstoSlide: no visible global function definition for
     'comIsValidHandle'
    PPT.AddTextSlide: no visible global function definition for
     'comIsValidHandle'
    PPT.AddTitleOnlySlide: no visible global function definition for
     'comIsValidHandle'
    PPT.AddTitleSlide: no visible global function definition for
     'comIsValidHandle'
    PPT.ApplyTemplate: no visible global function definition for
     'comIsValidHandle'
    PPT.Close: no visible global function definition for 'comIsValidHandle'
    PPT.Init: no visible global function definition for 'comCreateObject'
    PPT.Init: no visible global function definition for 'comIsValidHandle'
    PPT.Init: no visible global function definition for 'COMCreate'
    PPT.Present: no visible global function definition for
     'comIsValidHandle'
    PPT.SaveAs: no visible global function definition for
     'comIsValidHandle'
    PPT.getAbsolutePath : PPT.filePath: no visible global function
     definition for 'readWindowsShortcut'
Flavor: r-devel-windows-ix86+x86_64

Version: 2.1
Check: R code for possible problems
Result: NOTE
    PPT.getAbsolutePath : PPT.filePath: no visible global function
     definition for 'readWindowsShortcut'
Flavors: r-release-windows-ix86+x86_64, r-oldrel-windows-ix86+x86_64