Last updated on 2014-10-02 01:48:25.
Flavor | Version | Tinstall | Tcheck | Ttotal | Status | Flags |
---|---|---|---|---|---|---|
r-devel-linux-x86_64-debian-clang | 2.6.0 | 2.65 | 47.91 | 50.56 | OK | |
r-devel-linux-x86_64-debian-gcc | 2.6.0 | 2.33 | 47.27 | 49.60 | OK | |
r-devel-linux-x86_64-fedora-clang | 2.6.0 | 106.91 | OK | |||
r-devel-linux-x86_64-fedora-gcc | 2.6.0 | 100.35 | OK | |||
r-devel-osx-x86_64-clang | 2.6.0 | 87.44 | OK | |||
r-devel-windows-ix86+x86_64 | 2.6.0 | 7.00 | 77.00 | 84.00 | OK | |
r-patched-linux-x86_64 | 2.6.0 | 2.38 | 50.13 | 52.51 | OK | |
r-patched-solaris-sparc | 2.6.0 | 595.30 | OK | |||
r-patched-solaris-x86 | 2.6.0 | 127.90 | OK | |||
r-release-linux-ix86 | 2.6.0 | 3.10 | 64.40 | 67.50 | OK | |
r-release-linux-x86_64 | 2.6.0 | 2.45 | 50.87 | 53.32 | OK | |
r-release-osx-x86_64-mavericks | 2.6.0 | NOTE | ||||
r-release-osx-x86_64-snowleopard | 2.6.0 | NOTE | ||||
r-release-windows-ix86+x86_64 | 2.6.0 | 9.00 | 83.00 | 92.00 | OK | |
r-oldrel-windows-ix86+x86_64 | 2.6.0 | 9.00 | 83.00 | 92.00 | OK |
Version: 2.6.0
Check: package dependencies
Result: NOTE
Package suggested but not available for checking: ‘BiocParallel’
Flavors: r-release-osx-x86_64-mavericks, r-release-osx-x86_64-snowleopard