CRAN Package Check Results for Package PowerTOST

Last updated on 2014-10-02 01:48:24.

Flavor Version Tinstall Tcheck Ttotal Status Flags
r-devel-linux-x86_64-debian-clang 1.2-01 3.32 28.38 31.70 OK
r-devel-linux-x86_64-debian-gcc 1.2-01 3.40 25.47 28.87 OK
r-devel-linux-x86_64-fedora-clang 1.2-01 40.02 OK
r-devel-linux-x86_64-fedora-gcc 1.2-01 58.02 OK
r-devel-osx-x86_64-clang 1.2-01 33.94 OK
r-devel-windows-ix86+x86_64 1.2-01 8.00 38.00 46.00 OK
r-patched-linux-x86_64 1.1-13 3.04 25.12 28.16 OK
r-patched-solaris-sparc 1.2-01 295.80 OK
r-patched-solaris-x86 1.2-01 59.20 OK
r-release-linux-ix86 1.1-13 3.56 29.22 32.78 OK
r-release-linux-x86_64 1.2-01 3.72 27.33 31.05 OK
r-release-osx-x86_64-mavericks 1.2-01 OK
r-release-osx-x86_64-snowleopard 1.2-01 OK
r-release-windows-ix86+x86_64 1.2-01 7.00 38.00 45.00 OK
r-oldrel-windows-ix86+x86_64 1.2-01 7.00 37.00 44.00 ERROR

Check Details

Version: 1.2-01
Check: examples
Result: ERROR
    Running examples in 'PowerTOST-Ex.R' failed
    The error most likely occurred in:
    
    > ### Name: pa.ABE
    > ### Title: Power analysis for average bioequivalence (ABE)
    > ### Aliases: pa.ABE print.pwrA plot.pwrA
    >
    > ### ** Examples
    >
    > # using the defaults
    > # design="2x2", targetpower=0.8, minpower=0.7, theta0/GMR=0.95
    > # BE acceptance range from defaults of sampleN.TOST() 0.8 ... 1.25
    > # print & plot implicit
    > pa.ABE(CV=0.2)
    Error in power.TOST(CV = x, ...) : unused argument (extendInt = "downX")
    Calls: pa.ABE -> uniroot -> f -> power.TOST
    Execution halted
Flavor: r-oldrel-windows-ix86+x86_64