Last updated on 2014-10-02 01:48:24.
Flavor | Version | Tinstall | Tcheck | Ttotal | Status | Flags |
---|---|---|---|---|---|---|
r-devel-linux-x86_64-debian-clang | 2.0.9 | 11.31 | 71.23 | 82.54 | OK | |
r-devel-linux-x86_64-debian-gcc | 2.0.9 | 14.48 | 69.17 | 83.65 | OK | |
r-devel-linux-x86_64-fedora-clang | 2.0.9 | 158.56 | OK | |||
r-devel-linux-x86_64-fedora-gcc | 2.0.9 | 150.20 | OK | |||
r-devel-osx-x86_64-clang | 2.0.9 | 121.92 | OK | |||
r-devel-windows-ix86+x86_64 | 2.0.9 | 101.00 | 93.00 | 194.00 | OK | |
r-patched-linux-x86_64 | 2.0.9 | 14.80 | 71.63 | 86.43 | OK | |
r-patched-solaris-sparc | 2.0.9 | 774.70 | OK | |||
r-patched-solaris-x86 | 2.0.9 | 173.80 | OK | |||
r-release-linux-ix86 | 2.0.9 | 19.70 | 85.91 | 105.61 | OK | |
r-release-linux-x86_64 | 2.0.9 | 14.86 | 72.66 | 87.52 | OK | |
r-release-osx-x86_64-mavericks | 2.0.9 | OK | ||||
r-release-osx-x86_64-snowleopard | 2.0.9 | OK | ||||
r-release-windows-ix86+x86_64 | 2.0.9 | 100.00 | 102.00 | 202.00 | NOTE | |
r-oldrel-windows-ix86+x86_64 | 2.0.9 | 104.00 | 108.00 | 212.00 | NOTE |
Version: 2.0.9
Check: package dependencies
Result: NOTE
Package suggested but not available for checking: 'bigmemory'
Flavors: r-release-windows-ix86+x86_64, r-oldrel-windows-ix86+x86_64