Last updated on 2014-10-02 01:48:23.
Flavor | Version | Tinstall | Tcheck | Ttotal | Status | Flags |
---|---|---|---|---|---|---|
r-devel-linux-x86_64-debian-clang | 1.0.6 | 1.12 | 21.38 | 22.51 | NOTE | |
r-devel-linux-x86_64-debian-gcc | 1.0.6 | 1.18 | 22.72 | 23.90 | NOTE | |
r-devel-linux-x86_64-fedora-clang | 1.0.6 | 46.72 | NOTE | |||
r-devel-linux-x86_64-fedora-gcc | 1.0.6 | 48.56 | NOTE | |||
r-devel-osx-x86_64-clang | 1.0.6 | 44.29 | NOTE | |||
r-devel-windows-ix86+x86_64 | 1.0.6 | 4.00 | 34.00 | 38.00 | NOTE | |
r-patched-linux-x86_64 | 1.0.6 | 1.25 | 22.50 | 23.75 | NOTE | |
r-patched-solaris-sparc | 1.0.6 | 288.00 | NOTE | |||
r-patched-solaris-x86 | 1.0.6 | 69.30 | NOTE | |||
r-release-linux-ix86 | 1.0.6 | 1.59 | 30.54 | 32.13 | NOTE | |
r-release-linux-x86_64 | 1.0.6 | 1.25 | 22.30 | 23.56 | NOTE | |
r-release-osx-x86_64-mavericks | 1.0.6 | NOTE | ||||
r-release-osx-x86_64-snowleopard | 1.0.6 | NOTE | ||||
r-release-windows-ix86+x86_64 | 1.0.6 | 5.00 | 36.00 | 41.00 | NOTE | |
r-oldrel-windows-ix86+x86_64 | 1.0.6 | 5.00 | 36.00 | 41.00 | NOTE |
Version: 1.0.6
Check: top-level files
Result: NOTE
Non-standard file/directory found at top level:
‘PhViD-Ex.R’
Flavors: r-devel-linux-x86_64-debian-clang, r-devel-linux-x86_64-debian-gcc, r-devel-linux-x86_64-fedora-clang, r-devel-linux-x86_64-fedora-gcc, r-patched-linux-x86_64, r-release-linux-x86_64
Version: 1.0.6
Check: dependencies in R code
Result: NOTE
'library' or 'require' calls to packages already attached by Depends:
‘LBE’ ‘MCMCpack’
Please remove these calls from your code.
See the information on DESCRIPTION files in the chapter ‘Creating R
packages’ of the ‘Writing R Extensions’ manual.
Flavors: r-devel-linux-x86_64-debian-clang, r-devel-linux-x86_64-debian-gcc, r-devel-linux-x86_64-fedora-clang, r-devel-linux-x86_64-fedora-gcc, r-devel-osx-x86_64-clang, r-devel-windows-ix86+x86_64, r-patched-linux-x86_64, r-patched-solaris-sparc, r-patched-solaris-x86, r-release-linux-ix86, r-release-linux-x86_64, r-release-osx-x86_64-mavericks, r-release-osx-x86_64-snowleopard, r-release-windows-ix86+x86_64, r-oldrel-windows-ix86+x86_64