CRAN Package Check Results for Package PF

Last updated on 2014-10-02 01:48:23.

Flavor Version Tinstall Tcheck Ttotal Status Flags
r-devel-linux-x86_64-debian-clang 9.5 1.57 38.56 40.13 NOTE
r-devel-linux-x86_64-debian-gcc 9.5 1.47 38.70 40.17 NOTE
r-devel-linux-x86_64-fedora-clang 9.5 85.38 NOTE
r-devel-linux-x86_64-fedora-gcc 9.5 88.38 NOTE
r-devel-osx-x86_64-clang 9.5 74.99 NOTE
r-devel-windows-ix86+x86_64 9.5 5.00 56.00 61.00 NOTE
r-patched-linux-x86_64 9.5 1.55 41.09 42.64 NOTE
r-patched-solaris-sparc 9.5 515.30 NOTE
r-patched-solaris-x86 9.5 100.20 NOTE
r-release-linux-ix86 9.5 2.18 50.88 53.06 NOTE
r-release-linux-x86_64 9.5 1.61 41.42 43.02 NOTE
r-release-osx-x86_64-mavericks 9.5 NOTE
r-release-osx-x86_64-snowleopard 9.5 OK
r-release-windows-ix86+x86_64 9.5 6.00 62.00 68.00 NOTE
r-oldrel-windows-ix86+x86_64 9.5 6.00 55.00 61.00 NOTE

Check Details

Version: 9.5
Check: dependencies in R code
Result: NOTE
    Packages in Depends field not imported from:
     ‘RColorBrewer’ ‘gdata’ ‘grid’ ‘methods’ ‘xtable’
     These packages need to be imported from (in the NAMESPACE file)
     for when this namespace is loaded but not attached.
    See the information on DESCRIPTION files in the chapter ‘Creating R
    packages’ of the ‘Writing R Extensions’ manual.
Flavors: r-devel-linux-x86_64-debian-clang, r-devel-linux-x86_64-debian-gcc, r-devel-linux-x86_64-fedora-clang, r-devel-linux-x86_64-fedora-gcc, r-devel-osx-x86_64-clang, r-devel-windows-ix86+x86_64, r-patched-linux-x86_64, r-patched-solaris-sparc, r-patched-solaris-x86

Version: 9.5
Check: dependencies in R code
Result: NOTE
    Packages in Depends field not imported from:
     ‘RColorBrewer’ ‘gdata’ ‘methods’ ‘xtable’
     These packages need to be imported from (in the NAMESPACE file)
     for when this namespace is loaded but not attached.
    See the information on DESCRIPTION files in the chapter ‘Creating R
    packages’ of the ‘Writing R Extensions’ manual.
Flavors: r-release-linux-ix86, r-release-linux-x86_64, r-release-osx-x86_64-mavericks, r-release-windows-ix86+x86_64, r-oldrel-windows-ix86+x86_64