Last updated on 2014-10-02 01:48:23.
Flavor | Version | Tinstall | Tcheck | Ttotal | Status | Flags |
---|---|---|---|---|---|---|
r-devel-linux-x86_64-debian-clang | 1.2 | 20.75 | 94.00 | 114.75 | OK | |
r-devel-linux-x86_64-debian-gcc | 1.2 | 26.35 | 92.52 | 118.88 | OK | |
r-devel-linux-x86_64-fedora-clang | 1.2 | 294.60 | OK | |||
r-devel-linux-x86_64-fedora-gcc | 1.2 | 305.92 | OK | |||
r-devel-osx-x86_64-clang | 1.2 | 188.14 | OK | |||
r-devel-windows-ix86+x86_64 | 1.2 | 72.00 | 223.00 | 295.00 | OK | |
r-patched-linux-x86_64 | 1.2 | 26.36 | 101.28 | 127.64 | OK | |
r-patched-solaris-sparc | 1.2 | 1606.60 | OK | |||
r-patched-solaris-x86 | 1.2 | 359.30 | OK | |||
r-release-linux-ix86 | 1.2 | 36.04 | 138.28 | 174.32 | OK | |
r-release-linux-x86_64 | 1.2 | 27.10 | 101.54 | 128.65 | OK | |
r-release-osx-x86_64-mavericks | 1.2 | ERROR | ||||
r-release-osx-x86_64-snowleopard | 1.2 | OK | ||||
r-release-windows-ix86+x86_64 | 1.2 | 72.00 | 266.00 | 338.00 | OK | |
r-oldrel-windows-ix86+x86_64 | 1.2 | 69.00 | 244.00 | 313.00 | OK |
Version: 1.2
Check: package dependencies
Result: ERROR
Package required but not available: ‘copula’
See the information on DESCRIPTION files in the chapter ‘Creating R
packages’ of the ‘Writing R Extensions’ manual.
Flavor: r-release-osx-x86_64-mavericks