CRAN Package Check Results for Package PAWL

Last updated on 2014-10-02 01:48:23.

Flavor Version Tinstall Tcheck Ttotal Status Flags
r-devel-linux-x86_64-debian-clang 0.5 2.42 34.29 36.71 NOTE
r-devel-linux-x86_64-debian-gcc 0.5 2.29 34.40 36.69 NOTE
r-devel-linux-x86_64-fedora-clang 0.5 78.77 NOTE
r-devel-linux-x86_64-fedora-gcc 0.5 84.76 NOTE
r-devel-osx-x86_64-clang 0.5 65.67 NOTE
r-devel-windows-ix86+x86_64 0.5 12.00 79.00 91.00 NOTE
r-patched-linux-x86_64 0.5 2.40 35.75 38.15 NOTE
r-patched-solaris-sparc 0.5 430.20 NOTE
r-patched-solaris-x86 0.5 95.40 NOTE
r-release-linux-ix86 0.5 3.18 46.52 49.71 NOTE
r-release-linux-x86_64 0.5 2.45 35.91 38.36 NOTE
r-release-osx-x86_64-mavericks 0.5 NOTE
r-release-osx-x86_64-snowleopard 0.5 NOTE
r-release-windows-ix86+x86_64 0.5 12.00 82.00 94.00 NOTE
r-oldrel-windows-ix86+x86_64 0.5 12.00 88.00 100.00 NOTE

Check Details

Version: 0.5
Check: dependencies in R code
Result: NOTE
    'library' or 'require' calls to packages already attached by Depends:
     ‘foreach’ ‘ggplot2’ ‘reshape’
     Please remove these calls from your code.
    Packages in Depends field not imported from:
     ‘foreach’ ‘ggplot2’ ‘methods’ ‘mvtnorm’ ‘reshape’
     These packages need to be imported from (in the NAMESPACE file)
     for when this namespace is loaded but not attached.
    See the information on DESCRIPTION files in the chapter ‘Creating R
    packages’ of the ‘Writing R Extensions’ manual.
Flavors: r-devel-linux-x86_64-debian-clang, r-devel-linux-x86_64-debian-gcc, r-devel-linux-x86_64-fedora-clang, r-devel-linux-x86_64-fedora-gcc, r-devel-osx-x86_64-clang, r-devel-windows-ix86+x86_64, r-patched-linux-x86_64, r-patched-solaris-sparc, r-patched-solaris-x86, r-release-linux-ix86, r-release-linux-x86_64, r-release-osx-x86_64-mavericks, r-release-windows-ix86+x86_64, r-oldrel-windows-ix86+x86_64

Version: 0.5
Check: R code for possible problems
Result: NOTE
    ConvertResults: no visible global function definition for ‘%do%’
    ConvertResults: no visible global function definition for ‘foreach’
    PlotAllVar: no visible global function definition for ‘melt’
    PlotAllVar: no visible global function definition for ‘ggplot’
    PlotAllVar: no visible global function definition for ‘aes’
    PlotAllVar: no visible global function definition for ‘geom_line’
    PlotAllVar: no visible global function definition for ‘facet_wrap’
    PlotAllVar: no visible global function definition for ‘theme’
    PlotAllVar: no visible global function definition for ‘element_text’
    PlotAllVar: no visible global function definition for ‘labs’
    PlotComp1vsComp2: no visible global function definition for ‘ggplot’
    PlotComp1vsComp2: no visible global function definition for
     ‘aes_string’
    PlotComp1vsComp2: no visible global function definition for
     ‘geom_point’
    PlotComp1vsComp2: no visible global function definition for ‘aes’
    PlotComp1vsComp2: no visible global function definition for ‘xlab’
    PlotComp1vsComp2: no visible global function definition for ‘ylab’
    PlotComp1vsComp2: no visible global function definition for ‘labs’
    PlotDensComp1vsComp2: no visible global function definition for
     ‘ggplot’
    PlotDensComp1vsComp2: no visible global function definition for
     ‘aes_string’
    PlotDensComp1vsComp2: no visible global function definition for
     ‘stat_bin2d’
    PlotDensComp1vsComp2: no visible global function definition for
     ‘geom_density2d’
    PlotDensComp1vsComp2: no visible global function definition for ‘theme’
    PlotFH: no visible global function definition for ‘ggplot’
    PlotFH: no visible global function definition for ‘aes’
    PlotFH: no visible global function definition for ‘geom_step’
    PlotFH: no visible global function definition for ‘xlab’
    PlotFH: no visible global function definition for ‘ylab’
    PlotFH: no visible global function definition for ‘theme’
    PlotLogTheta: no visible global function definition for ‘%do%’
    PlotLogTheta: no visible global function definition for ‘foreach’
    PlotLogTheta: no visible global function definition for ‘melt’
    PlotLogTheta: no visible global function definition for ‘ggplot’
    PlotLogTheta: no visible global function definition for ‘aes’
    PlotLogTheta: no visible global function definition for ‘geom_line’
    PlotLogTheta: no visible global function definition for ‘geom_vline’
    PlotLogTheta: no visible global function definition for ‘theme’
    PlotNbins: no visible global function definition for ‘ggplot’
    PlotNbins: no visible global function definition for ‘aes_string’
    PlotNbins: no visible global function definition for ‘geom_step’
    PlotNbins: no visible global function definition for ‘ylim’
    PlotNbins: no visible global function definition for ‘ylab’
    PlotNbins: no visible global function definition for ‘xlab’
    PlotNbins: no visible global function definition for ‘theme’
    createTrimodalTarget : generate: no visible global function definition
     for ‘rmvnorm’
Flavors: r-devel-linux-x86_64-debian-clang, r-devel-linux-x86_64-debian-gcc, r-devel-linux-x86_64-fedora-clang, r-devel-linux-x86_64-fedora-gcc, r-devel-osx-x86_64-clang, r-devel-windows-ix86+x86_64

Version: 0.5
Check: Rd line widths
Result: NOTE
    Rd file 'createAdaptiveRandomWalkProposal.Rd':
     \usage lines wider than 90 characters:
     createAdaptiveRandomWalkProposal(nchains, targetdimension, adaptiveproposal, adaptationrate, sigma_init)
    
    These lines will be truncated in the PDF manual.
Flavors: r-devel-linux-x86_64-debian-clang, r-devel-linux-x86_64-debian-gcc, r-devel-linux-x86_64-fedora-clang, r-devel-linux-x86_64-fedora-gcc, r-patched-linux-x86_64, r-release-linux-x86_64

Version: 0.5
Check: dependencies in R code
Result: NOTE
    'library' or 'require' calls to packages already attached by Depends:
     'foreach' 'ggplot2' 'reshape'
     Please remove these calls from your code.
    See the information on DESCRIPTION files in the chapter 'Creating R
    packages' of the 'Writing R Extensions' manual.
Flavor: r-release-osx-x86_64-snowleopard