CRAN Package Check Results for Package NonpModelCheck

Last updated on 2014-10-02 01:48:22.

Flavor Version Tinstall Tcheck Ttotal Status Flags
r-devel-linux-x86_64-debian-clang 1.0 1.10 17.70 18.80 WARN
r-devel-linux-x86_64-debian-gcc 1.0 1.35 18.19 19.54 WARN
r-devel-linux-x86_64-fedora-clang 1.0 36.45 WARN
r-devel-linux-x86_64-fedora-gcc 1.0 39.18 WARN
r-devel-osx-x86_64-clang 1.0 34.61 WARN
r-devel-windows-ix86+x86_64 1.0 7.00 41.00 48.00 WARN
r-patched-linux-x86_64 1.0 1.29 18.48 19.78 WARN
r-patched-solaris-sparc 1.0 236.30 NOTE
r-patched-solaris-x86 1.0 50.90 NOTE
r-release-linux-ix86 1.0 1.76 29.72 31.48 WARN
r-release-linux-x86_64 1.0 1.25 18.34 19.59 WARN
r-release-osx-x86_64-mavericks 1.0 WARN
r-release-osx-x86_64-snowleopard 1.0 OK
r-release-windows-ix86+x86_64 1.0 6.00 44.00 50.00 WARN
r-oldrel-windows-ix86+x86_64 1.0 6.00 44.00 50.00 NOTE

Memtest notes: UBSAN valgrind

Check Details

Version: 1.0
Check: whether package can be installed
Result: WARN
    Found the following significant warnings:
     local_poly_estimator.c:52:1: warning: control may reach end of non-void function [-Wreturn-type]
     local_poly_estimator.c:157:1: warning: control reaches end of non-void function [-Wreturn-type]
    Found the following additional warnings:
     local_poly_estimator.c:52:1: warning: control may reach end of non-void function [-Wreturn-type]
Flavors: r-devel-linux-x86_64-debian-clang, r-devel-linux-x86_64-fedora-clang, r-devel-osx-x86_64-clang

Version: 1.0
Check: dependencies in R code
Result: NOTE
    Packages in Depends field not imported from:
     ‘MASS’ ‘dr’
     These packages need to be imported from (in the NAMESPACE file)
     for when this namespace is loaded but not attached.
    See the information on DESCRIPTION files in the chapter ‘Creating R
    packages’ of the ‘Writing R Extensions’ manual.
Flavors: r-devel-linux-x86_64-debian-clang, r-devel-linux-x86_64-debian-gcc, r-devel-linux-x86_64-fedora-clang, r-devel-linux-x86_64-fedora-gcc, r-devel-osx-x86_64-clang, r-devel-windows-ix86+x86_64, r-patched-linux-x86_64, r-patched-solaris-sparc, r-patched-solaris-x86, r-release-linux-ix86, r-release-linux-x86_64, r-release-osx-x86_64-mavericks, r-release-windows-ix86+x86_64, r-oldrel-windows-ix86+x86_64

Version: 1.0
Check: R code for possible problems
Result: NOTE
    npmodelcheck.default: no visible global function definition for ‘dr’
Flavors: r-devel-linux-x86_64-debian-clang, r-devel-linux-x86_64-debian-gcc, r-devel-linux-x86_64-fedora-clang, r-devel-linux-x86_64-fedora-gcc, r-devel-osx-x86_64-clang, r-devel-windows-ix86+x86_64

Version: 1.0
Check: whether package can be installed
Result: WARN
    Found the following significant warnings:
     local_poly_estimator.c:52:1: warning: control reaches end of non-void function [-Wreturn-type]
     local_poly_estimator.c:157:1: warning: control reaches end of non-void function [-Wreturn-type]
Flavors: r-devel-linux-x86_64-debian-gcc, r-devel-linux-x86_64-fedora-gcc, r-patched-linux-x86_64, r-release-linux-ix86, r-release-linux-x86_64

Version: 1.0
Check: whether package can be installed
Result: WARN
    Found the following significant warnings:
     local_poly_estimator.c:157:1: warning: control reaches end of non-void function [-Wreturn-type]
     local_poly_estimator.c:52:1: warning: control reaches end of non-void function [-Wreturn-type]
Flavors: r-devel-windows-ix86+x86_64, r-release-windows-ix86+x86_64

Version: 1.0
Check: whether package can be installed
Result: WARN
    Found the following significant warnings:
     local_poly_estimator.c:157:1: warning: control reaches end of non-void function [-Wreturn-type]
Flavor: r-release-osx-x86_64-mavericks