Last updated on 2014-10-02 01:48:22.
Flavor | Version | Tinstall | Tcheck | Ttotal | Status | Flags |
---|---|---|---|---|---|---|
r-devel-linux-x86_64-debian-clang | 1.1-3 | 0.87 | 17.43 | 18.30 | NOTE | |
r-devel-linux-x86_64-debian-gcc | 1.1-3 | 0.83 | 17.04 | 17.87 | NOTE | |
r-devel-linux-x86_64-fedora-clang | 1.1-3 | 36.63 | NOTE | |||
r-devel-linux-x86_64-fedora-gcc | 1.1-3 | 37.06 | NOTE | |||
r-devel-osx-x86_64-clang | 1.1-3 | 36.93 | NOTE | |||
r-devel-windows-ix86+x86_64 | 1.1-3 | 4.00 | 27.00 | 31.00 | NOTE | |
r-patched-linux-x86_64 | 1.1-3 | 0.84 | 17.50 | 18.35 | NOTE | |
r-patched-solaris-sparc | 1.1-3 | 209.10 | NOTE | |||
r-patched-solaris-x86 | 1.1-3 | 49.50 | NOTE | |||
r-release-linux-ix86 | 1.1-3 | 1.24 | 24.72 | 25.96 | NOTE | |
r-release-linux-x86_64 | 1.1-3 | 0.85 | 17.93 | 18.78 | NOTE | |
r-release-osx-x86_64-mavericks | 1.1-3 | NOTE | ||||
r-release-osx-x86_64-snowleopard | 1.1-3 | NOTE | ||||
r-release-windows-ix86+x86_64 | 1.1-3 | 4.00 | 31.00 | 35.00 | NOTE | |
r-oldrel-windows-ix86+x86_64 | 1.1-3 | 3.00 | 28.00 | 31.00 | NOTE |
Version: 1.1-3
Check: dependencies in R code
Result: NOTE
'library' or 'require' call to ‘MASS’ which was already attached by Depends.
Please remove these calls from your code.
See the information on DESCRIPTION files in the chapter ‘Creating R
packages’ of the ‘Writing R Extensions’ manual.
Flavors: r-devel-linux-x86_64-debian-clang, r-devel-linux-x86_64-debian-gcc, r-devel-linux-x86_64-fedora-clang, r-devel-linux-x86_64-fedora-gcc, r-devel-osx-x86_64-clang, r-devel-windows-ix86+x86_64, r-patched-linux-x86_64, r-patched-solaris-sparc, r-patched-solaris-x86, r-release-linux-ix86, r-release-linux-x86_64, r-release-osx-x86_64-mavericks, r-release-osx-x86_64-snowleopard, r-release-windows-ix86+x86_64, r-oldrel-windows-ix86+x86_64
Version: 1.1-3
Check: files in ‘vignettes’
Result: NOTE
The following files look like leftovers/mistakes:
‘Rplots.pdf’, ‘Rplots.ps’
Please remove them from your package.
Flavors: r-devel-linux-x86_64-debian-clang, r-devel-linux-x86_64-debian-gcc, r-devel-linux-x86_64-fedora-clang, r-devel-linux-x86_64-fedora-gcc, r-devel-osx-x86_64-clang, r-devel-windows-ix86+x86_64, r-patched-linux-x86_64, r-patched-solaris-sparc, r-patched-solaris-x86
Version: 1.1-3
Check: re-building of vignette outputs
Result: NOTE
Error in re-building vignettes:
...
Loading required package: survival
Loading required package: splines
Loading required package: MASS
Error in texi2dvi(file = file, pdf = TRUE, clean = clean, quiet = quiet, :
Running 'texi2dvi' on 'NestedCohort.tex' failed.
LaTeX errors:
! LaTeX Error: File `fullpage.sty' not found.
Type X to quit or <RETURN> to proceed,
or enter new name. (Default extension: sty)
/vign_test/NestedCohort/vignettes/NestedCohort.tex:8: ==> Fatal error occurred
, no output PDF file produced!
Calls: buildVignettes -> texi2pdf -> texi2dvi
Execution halted
Flavor: r-release-osx-x86_64-mavericks
Version: 1.1-3
Check: re-building of vignette outputs
Result: NOTE
Error in re-building vignettes:
...
Loading required package: survival
Loading required package: splines
Loading required package: MASS
Error in texi2dvi(file = file, pdf = TRUE, clean = clean, quiet = quiet, :
Running 'texi2dvi' on 'NestedCohort.tex' failed.
LaTeX errors:
! LaTeX Error: File `fullpage.sty' not found.
Type X to quit or <RETURN> to proceed,
or enter new name. (Default extension: sty)
Calls: buildVignettes -> texi2pdf -> texi2dvi
Execution halted
Flavor: r-release-osx-x86_64-snowleopard