CRAN Package Check Results for Package NHMMfdr

Last updated on 2014-10-02 01:48:22.

Flavor Version Tinstall Tcheck Ttotal Status Flags
r-devel-linux-x86_64-debian-clang 1.0.6 1.54 1.54 ERROR
r-devel-linux-x86_64-debian-gcc 1.0.6 1.17 23.14 24.30 NOTE
r-devel-linux-x86_64-fedora-clang 1.0.6 1.98 ERROR
r-devel-linux-x86_64-fedora-gcc 1.0.6 4.35 ERROR
r-devel-osx-x86_64-clang 1.0.6 3.28 ERROR
r-devel-windows-ix86+x86_64 1.0.6 6.00 44.00 50.00 NOTE
r-patched-linux-x86_64 1.0.6 1.35 23.79 25.14 OK
r-patched-solaris-sparc 1.0.6 30.40 ERROR
r-patched-solaris-x86 1.0.6 8.10 ERROR
r-release-linux-ix86 1.0.6 1.66 30.22 31.88 OK
r-release-linux-x86_64 1.0.6 1.22 23.92 25.14 OK
r-release-osx-x86_64-mavericks 1.0.6 OK
r-release-osx-x86_64-snowleopard 1.0.6 OK
r-release-windows-ix86+x86_64 1.0.6 6.00 54.00 60.00 OK
r-oldrel-windows-ix86+x86_64 1.0.6 6.00 59.00 65.00 OK

Check Details

Version: 1.0.6
Check: package namespace information
Result: NOTE
     Namespaces with empty importFrom:
     ‘MASS’ ‘locfdr’
Flavors: r-devel-linux-x86_64-debian-clang, r-devel-linux-x86_64-debian-gcc, r-devel-linux-x86_64-fedora-clang, r-devel-linux-x86_64-fedora-gcc, r-devel-osx-x86_64-clang, r-devel-windows-ix86+x86_64

Version: 1.0.6
Check: package dependencies
Result: ERROR
    Package required but not available: ‘locfdr’
    
    See the information on DESCRIPTION files in the chapter ‘Creating R
    packages’ of the ‘Writing R Extensions’ manual.
Flavors: r-devel-linux-x86_64-debian-clang, r-devel-linux-x86_64-fedora-clang, r-devel-linux-x86_64-fedora-gcc, r-devel-osx-x86_64-clang, r-patched-solaris-sparc, r-patched-solaris-x86

Version: 1.0.6
Check: R code for possible problems
Result: NOTE
    em.hmm: no visible global function definition for ‘locfdr’
    em.indep: no visible global function definition for ‘locfdr’
    em.nhmm: no visible global function definition for ‘locfdr’
Flavors: r-devel-linux-x86_64-debian-gcc, r-devel-windows-ix86+x86_64