Last updated on 2014-10-02 01:48:21.
Flavor | Version | Tinstall | Tcheck | Ttotal | Status | Flags |
---|---|---|---|---|---|---|
r-devel-linux-x86_64-debian-clang | 2.3.2 | 4.65 | 49.80 | 54.45 | NOTE | |
r-devel-linux-x86_64-debian-gcc | 2.3.2 | 4.68 | 47.79 | 52.47 | NOTE | |
r-devel-linux-x86_64-fedora-clang | 2.3.2 | 122.99 | NOTE | |||
r-devel-linux-x86_64-fedora-gcc | 2.3.2 | 126.91 | NOTE | |||
r-devel-osx-x86_64-clang | 2.3.2 | 100.10 | NOTE | |||
r-devel-windows-ix86+x86_64 | 2.3.2 | 12.00 | 68.00 | 80.00 | NOTE | |
r-patched-linux-x86_64 | 2.3.2 | 4.90 | 52.18 | 57.08 | NOTE | |
r-patched-solaris-sparc | 2.3.2 | 735.70 | NOTE | |||
r-patched-solaris-x86 | 2.3.2 | 162.80 | NOTE | |||
r-release-linux-ix86 | 2.3.2 | 6.40 | 63.12 | 69.52 | NOTE | |
r-release-linux-x86_64 | 2.3.2 | 5.31 | 53.39 | 58.70 | NOTE | |
r-release-osx-x86_64-mavericks | 2.3.2 | NOTE | ||||
r-release-osx-x86_64-snowleopard | 2.3.2 | OK | ||||
r-release-windows-ix86+x86_64 | 2.3.2 | 10.00 | 82.00 | 92.00 | NOTE | |
r-oldrel-windows-ix86+x86_64 | 2.3.2 | 11.00 | 71.00 | 82.00 | NOTE |
Version: 2.3.2
Check: dependencies in R code
Result: NOTE
Packages in Depends field not imported from:
‘lattice’ ‘svcm’
These packages need to be imported from (in the NAMESPACE file)
for when this namespace is loaded but not attached.
See the information on DESCRIPTION files in the chapter ‘Creating R
packages’ of the ‘Writing R Extensions’ manual.
Flavors: r-devel-linux-x86_64-debian-clang, r-devel-linux-x86_64-debian-gcc, r-devel-linux-x86_64-fedora-clang, r-devel-linux-x86_64-fedora-gcc, r-devel-osx-x86_64-clang, r-devel-windows-ix86+x86_64, r-patched-linux-x86_64, r-patched-solaris-sparc, r-patched-solaris-x86, r-release-linux-ix86, r-release-linux-x86_64, r-release-osx-x86_64-mavericks, r-release-windows-ix86+x86_64, r-oldrel-windows-ix86+x86_64
Version: 2.3.2
Check: R code for possible problems
Result: NOTE
Mort1Dsmooth: no visible global function definition for ‘cleversearch’
Mort1Dsmooth_optimize: no visible global function definition for
‘cleversearch’
Mort2Dsmooth: no visible global function definition for ‘cleversearch’
Mort2Dsmooth_optimize: no visible global function definition for
‘cleversearch’
plot.HMDdata: no visible global function definition for ‘levelplot’
plot.Mort2Dsmooth: no visible global function definition for
‘levelplot’
selectHMDdata: no visible binding for global variable ‘HMDdata’
Flavors: r-devel-linux-x86_64-debian-clang, r-devel-linux-x86_64-debian-gcc, r-devel-linux-x86_64-fedora-clang, r-devel-linux-x86_64-fedora-gcc, r-devel-osx-x86_64-clang, r-devel-windows-ix86+x86_64