Last updated on 2014-10-02 01:48:20.
Flavor | Version | Tinstall | Tcheck | Ttotal | Status | Flags |
---|---|---|---|---|---|---|
r-devel-linux-x86_64-debian-clang | 0.1-0 | 4.68 | 47.91 | 52.59 | NOTE | |
r-devel-linux-x86_64-debian-gcc | 0.1-0 | 4.64 | 47.20 | 51.84 | NOTE | |
r-devel-linux-x86_64-fedora-clang | 0.1-0 | 122.53 | NOTE | |||
r-devel-linux-x86_64-fedora-gcc | 0.1-0 | 124.65 | NOTE | |||
r-devel-osx-x86_64-clang | 0.1-0 | 93.04 | NOTE | |||
r-devel-windows-ix86+x86_64 | 0.1-0 | 11.00 | 65.00 | 76.00 | NOTE | |
r-patched-linux-x86_64 | 0.1-0 | 4.86 | 52.37 | 57.23 | NOTE | |
r-patched-solaris-sparc | 0.1-0 | 698.90 | NOTE | |||
r-patched-solaris-x86 | 0.1-0 | 165.50 | NOTE | |||
r-release-linux-ix86 | 0.1-0 | 5.58 | 61.47 | 67.06 | NOTE | |
r-release-linux-x86_64 | 0.1-0 | 4.68 | 52.12 | 56.79 | NOTE | |
r-release-osx-x86_64-mavericks | 0.1-0 | NOTE | ||||
r-release-osx-x86_64-snowleopard | 0.1-0 | ERROR | ||||
r-release-windows-ix86+x86_64 | 0.1-0 | 13.00 | 76.00 | 89.00 | NOTE | |
r-oldrel-windows-ix86+x86_64 | 0.1-0 | 13.00 | 65.00 | 78.00 | NOTE |
Version: 0.1-0
Check: dependencies in R code
Result: NOTE
Packages in Depends field not imported from:
‘Matrix’ ‘lme4’ ‘mpt’
These packages need to be imported from (in the NAMESPACE file)
for when this namespace is loaded but not attached.
See the information on DESCRIPTION files in the chapter ‘Creating R
packages’ of the ‘Writing R Extensions’ manual.
Flavors: r-devel-linux-x86_64-debian-clang, r-devel-linux-x86_64-debian-gcc, r-devel-linux-x86_64-fedora-clang, r-devel-linux-x86_64-fedora-gcc, r-devel-osx-x86_64-clang, r-devel-windows-ix86+x86_64, r-patched-linux-x86_64, r-patched-solaris-sparc, r-patched-solaris-x86, r-release-linux-ix86, r-release-linux-x86_64, r-release-osx-x86_64-mavericks, r-release-windows-ix86+x86_64, r-oldrel-windows-ix86+x86_64
Version: 0.1-0
Check: R code for possible problems
Result: NOTE
fit.bivar: no visible global function definition for ‘glmer’
imperfect.trees: no visible global function definition for ‘mpt’
perfect.trees: no visible global function definition for ‘mpt’
Flavors: r-devel-linux-x86_64-debian-clang, r-devel-linux-x86_64-debian-gcc, r-devel-linux-x86_64-fedora-clang, r-devel-linux-x86_64-fedora-gcc, r-devel-osx-x86_64-clang, r-devel-windows-ix86+x86_64
Version: 0.1-0
Check: whether package can be installed
Result: ERROR
Installation failed.
Flavor: r-release-osx-x86_64-snowleopard