CRAN Package Check Results for Package MXM

Last updated on 2014-10-02 01:48:21.

Flavor Version Tinstall Tcheck Ttotal Status Flags
r-devel-linux-x86_64-debian-clang 0.2.1 1.72 23.79 25.51 NOTE
r-devel-linux-x86_64-debian-gcc 0.2.1 1.42 22.28 23.70 NOTE
r-devel-linux-x86_64-fedora-clang 0.2.1 51.56 NOTE
r-devel-linux-x86_64-fedora-gcc 0.2.1 51.99 NOTE
r-devel-osx-x86_64-clang 0.2.1 44.23 NOTE
r-devel-windows-ix86+x86_64 0.2.1 8.00 55.00 63.00 NOTE
r-patched-linux-x86_64 0.2.1 1.50 26.36 27.86 OK
r-patched-solaris-sparc 0.2.1 316.60 OK
r-patched-solaris-x86 0.2.1 78.50 OK
r-release-linux-ix86 0.2.1 2.26 36.48 38.74 OK
r-release-linux-x86_64 0.2.1 1.54 26.10 27.64 OK
r-release-osx-x86_64-mavericks 0.2.1 WARN
r-release-osx-x86_64-snowleopard 0.2.1 OK
r-release-windows-ix86+x86_64 0.2.1 8.00 60.00 68.00 OK
r-oldrel-windows-ix86+x86_64 0.2.1 9.00 66.00 75.00 OK

Check Details

Version: 0.2.1
Check: R code for possible problems
Result: NOTE
    SES: no visible global function definition for ‘exprs’
    SES: no visible global function definition for ‘is.Surv’
    censIndLR: no visible global function definition for ‘is.Surv’
    censIndLR: no visible global function definition for ‘coxph’
    censIndLR: no visible global function definition for ‘.set’
    gSquare: no visible global function definition for ‘.set’
    gSquare: no visible global function definition for ‘gSquareBin’
    gSquare: no visible global function definition for ‘gSquareDis’
    nchoosekm: no visible global function definition for ‘combnPrim’
    testIndFisher: no visible global function definition for ‘.set’
    testIndLogistic: no visible global function definition for ‘.set’
    testIndLogistic: no visible global function definition for ‘vglm’
    testIndLogistic: no visible binding for global variable ‘multinomial’
    testIndLogistic: no visible global function definition for ‘polr’
Flavors: r-devel-linux-x86_64-debian-clang, r-devel-linux-x86_64-debian-gcc, r-devel-linux-x86_64-fedora-clang, r-devel-linux-x86_64-fedora-gcc, r-devel-osx-x86_64-clang, r-devel-windows-ix86+x86_64

Version: 0.2.1
Check: whether package can be installed
Result: WARN
    Found the following significant warnings:
     Warning: Possible change of value in conversion from REAL(8) to REAL(4) at (1)
     Warning: Possible change of value in conversion from REAL(8) to COMPLEX(4) at (1)
Flavor: r-release-osx-x86_64-mavericks