Last updated on 2014-10-02 01:48:21.
Flavor | Version | Tinstall | Tcheck | Ttotal | Status | Flags |
---|---|---|---|---|---|---|
r-devel-linux-x86_64-debian-clang | 0.3-3 | 1.42 | 34.66 | 36.08 | OK | |
r-devel-linux-x86_64-debian-gcc | 0.3-3 | 1.43 | 35.53 | 36.96 | OK | |
r-devel-linux-x86_64-fedora-clang | 0.3-3 | 70.77 | OK | |||
r-devel-linux-x86_64-fedora-gcc | 0.3-3 | 69.12 | OK | |||
r-devel-osx-x86_64-clang | 0.3-3 | 65.56 | OK | |||
r-devel-windows-ix86+x86_64 | 0.3-3 | 7.00 | 49.00 | 56.00 | NOTE | |
r-patched-linux-x86_64 | 0.3-3 | 1.50 | 36.02 | 37.51 | OK | |
r-patched-solaris-sparc | 0.3-3 | 352.80 | OK | |||
r-patched-solaris-x86 | 0.3-3 | 89.10 | OK | |||
r-release-linux-ix86 | 0.3-3 | 2.33 | 45.94 | 48.27 | OK | |
r-release-linux-x86_64 | 0.3-3 | 1.75 | 35.69 | 37.44 | OK | |
r-release-osx-x86_64-mavericks | 0.3-3 | NOTE | ||||
r-release-osx-x86_64-snowleopard | 0.3-3 | OK | ||||
r-release-windows-ix86+x86_64 | 0.3-3 | 7.00 | 54.00 | 61.00 | NOTE | |
r-oldrel-windows-ix86+x86_64 | 0.3-1 | 2.00 | 3.00 | 5.00 | ERROR |
Version: 0.3-3
Check: re-building of vignette outputs
Result: NOTE
Error in re-building vignettes:
...
Warning: running command '"D:\compiler\texmf\miktex\bin\texi2dvi.exe" --quiet --pdf "MRCV-vignette.tex" --max-iterations=20 -I "D:/RCompile/recent/R/share/texmf/tex/latex" -I "D:/RCompile/recent/R/share/texmf/bibtex/bst"' had status 1
Error: running 'texi2dvi' on 'MRCV-vignette.tex' failed
LaTeX errors:
! LaTeX Error: File `inconsolata.sty' not found.
Type X to quit or <RETURN> to proceed,
or enter new name. (Default extension: sty)
Execution halted
Flavor: r-devel-windows-ix86+x86_64
Version: 0.3-3
Check: re-building of vignette outputs
Result: NOTE
Error in re-building vignettes:
...
Error in texi2dvi(file = file, pdf = TRUE, clean = clean, quiet = quiet, :
Running 'texi2dvi' on 'MRCV-vignette.tex' failed.
LaTeX errors:
! LaTeX Error: File `titlesec.sty' not found.
Type X to quit or <RETURN> to proceed,
or enter new name. (Default extension: sty)
./RJournal.sty:100: ==> Fatal error occurred, no output PDF file produced!
Calls: buildVignettes -> texi2pdf -> texi2dvi
Execution halted
Flavor: r-release-osx-x86_64-mavericks
Version: 0.3-3
Check: re-building of vignette outputs
Result: NOTE
Error in re-building vignettes:
...
Warning: running command '"D:\compiler\texmf\miktex\bin\texi2dvi.exe" --quiet --pdf "MRCV-vignette.tex" --max-iterations=20 -I "D:/RCompile/recent/R-3.1.1/share/texmf/tex/latex" -I "D:/RCompile/recent/R-3.1.1/share/texmf/bibtex/bst"' had status 1
Error: running 'texi2dvi' on 'MRCV-vignette.tex' failed
LaTeX errors:
! LaTeX Error: File `inconsolata.sty' not found.
Type X to quit or <RETURN> to proceed,
or enter new name. (Default extension: sty)
Execution halted
Flavor: r-release-windows-ix86+x86_64
Version: 0.3-1
Check: whether package can be installed
Result: ERROR
Installation failed.
Flavor: r-oldrel-windows-ix86+x86_64