Last updated on 2014-10-02 01:48:21.
Flavor | Version | Tinstall | Tcheck | Ttotal | Status | Flags |
---|---|---|---|---|---|---|
r-devel-linux-x86_64-debian-clang | 1.0.1 | 1.35 | 20.60 | 21.95 | NOTE | |
r-devel-linux-x86_64-debian-gcc | 1.0.1 | 1.34 | 19.97 | 21.30 | NOTE | |
r-devel-linux-x86_64-fedora-clang | 1.0.1 | 45.04 | NOTE | |||
r-devel-linux-x86_64-fedora-gcc | 1.0.1 | 43.24 | NOTE | |||
r-devel-osx-x86_64-clang | 1.0.1 | 41.20 | NOTE | |||
r-devel-windows-ix86+x86_64 | 1.0.1 | 5.00 | 31.00 | 36.00 | NOTE | |
r-patched-linux-x86_64 | 1.0.1 | 1.66 | 21.40 | 23.06 | NOTE | |
r-patched-solaris-sparc | 1.0.1 | 268.20 | NOTE | |||
r-patched-solaris-x86 | 1.0.1 | 63.50 | NOTE | |||
r-release-linux-ix86 | 1.0.1 | 1.94 | 27.50 | 29.44 | NOTE | |
r-release-linux-x86_64 | 1.0.1 | 1.47 | 21.08 | 22.55 | NOTE | |
r-release-osx-x86_64-mavericks | 1.0.1 | NOTE | ||||
r-release-osx-x86_64-snowleopard | 1.0.1 | NOTE | ||||
r-release-windows-ix86+x86_64 | 1.0.1 | 5.00 | 34.00 | 39.00 | NOTE | |
r-oldrel-windows-ix86+x86_64 | 1.0.1 | 6.00 | 32.00 | 38.00 | NOTE |
Version: 1.0.1
Check: dependencies in R code
Result: NOTE
Package in Depends field not imported from: ‘methods’
These packages need to be imported from (in the NAMESPACE file)
for when this namespace is loaded but not attached.
See the information on DESCRIPTION files in the chapter ‘Creating R
packages’ of the ‘Writing R Extensions’ manual.
Flavors: r-devel-linux-x86_64-debian-clang, r-devel-linux-x86_64-debian-gcc, r-devel-linux-x86_64-fedora-clang, r-devel-linux-x86_64-fedora-gcc, r-devel-osx-x86_64-clang, r-devel-windows-ix86+x86_64, r-patched-linux-x86_64, r-patched-solaris-sparc, r-patched-solaris-x86, r-release-linux-ix86, r-release-linux-x86_64, r-release-osx-x86_64-mavericks, r-release-windows-ix86+x86_64, r-oldrel-windows-ix86+x86_64
Version: 1.0.1
Check: dependencies in R code
Result: NOTE
Package in Depends field not imported from: 'methods'
These packages need to be imported from for the case when
this namespace is loaded but not attached.
See the information on DESCRIPTION files in the chapter 'Creating R
packages' of the 'Writing R Extensions' manual.
Flavor: r-release-osx-x86_64-snowleopard