CRAN Package Check Results for Package MM

Last updated on 2014-10-02 01:48:21.

Flavor Version Tinstall Tcheck Ttotal Status Flags
r-devel-linux-x86_64-debian-clang 1.6-2 1.48 63.13 64.61 NOTE
r-devel-linux-x86_64-debian-gcc 1.6-2 1.31 59.58 60.89 NOTE
r-devel-linux-x86_64-fedora-clang 1.6-2 130.41 NOTE
r-devel-linux-x86_64-fedora-gcc 1.6-2 125.45 NOTE
r-devel-osx-x86_64-clang 1.6-2 95.08 NOTE
r-devel-windows-ix86+x86_64 1.6-2 5.00 77.00 82.00 NOTE
r-patched-linux-x86_64 1.6-2 1.37 69.61 70.98 NOTE
r-patched-solaris-sparc 1.6-2 764.70 NOTE
r-patched-solaris-x86 1.6-2 165.20 NOTE
r-release-linux-ix86 1.6-2 2.00 81.28 83.28 NOTE
r-release-linux-x86_64 1.6-2 1.45 67.95 69.40 NOTE
r-release-osx-x86_64-mavericks 1.6-2 NOTE
r-release-osx-x86_64-snowleopard 1.6-2 NOTE
r-release-windows-ix86+x86_64 1.6-2 6.00 91.00 97.00 NOTE
r-oldrel-windows-ix86+x86_64 1.6-2 7.00 91.00 98.00 NOTE

Check Details

Version: 1.6-2
Check: dependencies in R code
Result: NOTE
    Packages in Depends field not imported from:
     ‘Oarray’ ‘emulator’ ‘magic’ ‘methods’ ‘partitions’
     These packages need to be imported from (in the NAMESPACE file)
     for when this namespace is loaded but not attached.
    See the information on DESCRIPTION files in the chapter ‘Creating R
    packages’ of the ‘Writing R Extensions’ manual.
Flavors: r-devel-linux-x86_64-debian-clang, r-devel-linux-x86_64-debian-gcc, r-devel-linux-x86_64-fedora-clang, r-devel-linux-x86_64-fedora-gcc, r-devel-osx-x86_64-clang, r-devel-windows-ix86+x86_64, r-patched-linux-x86_64, r-patched-solaris-sparc, r-patched-solaris-x86, r-release-linux-ix86, r-release-linux-x86_64, r-release-osx-x86_64-mavericks, r-release-windows-ix86+x86_64, r-oldrel-windows-ix86+x86_64

Version: 1.6-2
Check: R code for possible problems
Result: NOTE
    .Oarray_to_MB: no visible global function definition for ‘is.Oarray’
    .gunter: no visible global function definition for ‘minmax’
    .gunter: no visible global function definition for ‘compositions’
    MM: no visible global function definition for ‘minmax’
    MM_allsamesum: no visible global function definition for ‘quad.tform’
    MM_allsamesum_A: no visible global function definition for ‘minmax’
    MM_allsamesum_A: no visible global function definition for ‘tr’
    MM_allsamesum_A: no visible global function definition for ‘quad.tform’
    MM_differsums: no visible global function definition for ‘quad.tform’
    MM_single: no visible global function definition for ‘quad.form’
    NormC: no visible global function definition for ‘compositions’
    as.array.gunter_MB: no visible global function definition for ‘Oarray’
    expected_suffstats: no visible global function definition for
     ‘compositions’
    optimizer: no visible global function definition for ‘minmax’
    optimizer_allsamesum: no visible global function definition for
     ‘minmax’
    suffstats: no visible global function definition for ‘minmax’
    gunter,data.frame: no visible global function definition for ‘minmax’
    gunter,data.frame: no visible global function definition for
     ‘compositions’
    gunter,matrix: no visible global function definition for ‘minmax’
    gunter,matrix: no visible global function definition for ‘compositions’
Flavors: r-devel-linux-x86_64-debian-clang, r-devel-linux-x86_64-debian-gcc, r-devel-linux-x86_64-fedora-clang, r-devel-linux-x86_64-fedora-gcc, r-devel-osx-x86_64-clang, r-devel-windows-ix86+x86_64

Version: 1.6-2
Check: re-building of vignette outputs
Result: NOTE
    Error in re-building vignettes:
     ...
    Loading required package: magic
    Loading required package: abind
    Loading required package: partitions
    Loading required package: emulator
    Loading required package: mvtnorm
    Loading required package: Oarray
    Warning: glm.fit: fitted rates numerically 0 occurred
    Error in texi2dvi(file = file, pdf = TRUE, clean = clean, quiet = quiet, :
     Running 'texi2dvi' on 'Gianfranco.tex' failed.
    LaTeX errors:
    ! LaTeX Error: File `dsfont.sty' not found.
    
    Type X to quit or <RETURN> to proceed,
    or enter new name. (Default extension: sty)
    
    /MM/vignettes/Gianfranco.tex:4: ==> Fatal error occurred, no output PDF file p
    roduced!
    Calls: buildVignettes -> texi2pdf -> texi2dvi
    Execution halted
Flavor: r-release-osx-x86_64-mavericks

Version: 1.6-2
Check: re-building of vignette outputs
Result: NOTE
    Error in re-building vignettes:
     ...
    Loading required package: polynom
    Loading required package: gmp
    
    Attaching package: 'gmp'
    
    The following objects are masked from 'package:base':
    
     %*%, apply, crossprod, matrix, tcrossprod
    
    Loading required package: emulator
    Loading required package: mvtnorm
    Loading required package: Oarray
    Warning: glm.fit: fitted rates numerically 0 occurred
    Error in texi2dvi(file = file, pdf = TRUE, clean = clean, quiet = quiet, :
     Running 'texi2dvi' on 'Gianfranco.tex' failed.
    LaTeX errors:
    ! LaTeX Error: File `dsfont.sty' not found.
    
    Type X to quit or <RETURN> to proceed,
    or enter new name. (Default extension: sty)
    
    MM.Rcheck/vign_test/MM/vignettes/Gianfranco.tex:4: ==> Fatal error occurred, n
    o output PDF file produced!
    Calls: buildVignettes -> texi2pdf -> texi2dvi
    Execution halted
Flavor: r-release-osx-x86_64-snowleopard