Last updated on 2014-10-02 01:48:21.
Flavor | Version | Tinstall | Tcheck | Ttotal | Status | Flags |
---|---|---|---|---|---|---|
r-devel-linux-x86_64-debian-clang | 0.96 | 1.02 | 19.21 | 20.23 | OK | |
r-devel-linux-x86_64-debian-gcc | 0.96 | 0.99 | 18.78 | 19.78 | OK | |
r-devel-linux-x86_64-fedora-clang | 0.96 | 40.43 | OK | |||
r-devel-linux-x86_64-fedora-gcc | 0.96 | 38.57 | OK | |||
r-devel-osx-x86_64-clang | 0.96 | 38.89 | OK | |||
r-devel-windows-ix86+x86_64 | 0.96 | 3.00 | 28.00 | 31.00 | OK | |
r-patched-linux-x86_64 | 0.96 | 1.01 | 19.33 | 20.34 | OK | |
r-patched-solaris-sparc | 0.96 | 245.80 | OK | |||
r-patched-solaris-x86 | 0.96 | 54.00 | OK | |||
r-release-linux-ix86 | 0.96 | 1.43 | 26.56 | 27.99 | OK | |
r-release-linux-x86_64 | 0.96 | 1.04 | 19.68 | 20.73 | OK | |
r-release-osx-x86_64-mavericks | 0.96 | NOTE | ||||
r-release-osx-x86_64-snowleopard | 0.96 | NOTE | ||||
r-release-windows-ix86+x86_64 | 0.96 | 4.00 | 32.00 | 36.00 | OK | |
r-oldrel-windows-ix86+x86_64 | 0.96 | 4.00 | 31.00 | 35.00 | OK |
Version: 0.96
Check: Rd cross-references
Result: NOTE
Packages unavailable to check Rd xrefs: ‘genefilter’, ‘limma’
Flavors: r-release-osx-x86_64-mavericks, r-release-osx-x86_64-snowleopard