Last updated on 2014-10-02 01:48:20.
Flavor | Version | Tinstall | Tcheck | Ttotal | Status | Flags |
---|---|---|---|---|---|---|
r-devel-linux-x86_64-debian-clang | 1.0-5 | 2.08 | 34.62 | 36.70 | OK | |
r-devel-linux-x86_64-debian-gcc | 1.0-5 | 2.02 | 33.28 | 35.30 | OK | |
r-devel-linux-x86_64-fedora-clang | 1.0-5 | 78.35 | OK | |||
r-devel-linux-x86_64-fedora-gcc | 1.0-5 | 77.00 | OK | |||
r-devel-osx-x86_64-clang | 1.0-5 | 65.87 | OK | |||
r-devel-windows-ix86+x86_64 | 1.0-5 | 10.00 | 56.00 | 66.00 | OK | |
r-patched-linux-x86_64 | 1.0-5 | 2.17 | 35.60 | 37.78 | OK | |
r-patched-solaris-sparc | 1.0-5 | 445.80 | OK | |||
r-patched-solaris-x86 | 1.0-5 | 101.50 | OK | |||
r-release-linux-ix86 | 1.0-5 | 2.81 | 45.65 | 48.46 | OK | |
r-release-linux-x86_64 | 1.0-5 | 2.26 | 36.12 | 38.39 | OK | |
r-release-osx-x86_64-mavericks | 1.0-5 | OK | ||||
r-release-osx-x86_64-snowleopard | 1.0-5 | ERROR | ||||
r-release-windows-ix86+x86_64 | 1.0-5 | 10.00 | 65.00 | 75.00 | OK | |
r-oldrel-windows-ix86+x86_64 | 1.0-5 | 10.00 | 70.00 | 80.00 | OK |
Version: 1.0-5
Check: whether package can be installed
Result: ERROR
Installation failed.
Flavor: r-release-osx-x86_64-snowleopard