Last updated on 2014-10-02 01:48:19.
Flavor | Version | Tinstall | Tcheck | Ttotal | Status | Flags |
---|---|---|---|---|---|---|
r-devel-linux-x86_64-debian-clang | 0.2-2 | 0.93 | 17.56 | 18.49 | OK | |
r-devel-linux-x86_64-debian-gcc | 0.2-2 | 0.88 | 17.63 | 18.51 | OK | |
r-devel-linux-x86_64-fedora-clang | 0.2-2 | 38.60 | OK | |||
r-devel-linux-x86_64-fedora-gcc | 0.2-2 | 39.34 | OK | |||
r-devel-osx-x86_64-clang | 0.2-2 | 38.07 | OK | |||
r-devel-windows-ix86+x86_64 | 0.2-2 | 3.00 | 26.00 | 29.00 | OK | |
r-patched-linux-x86_64 | 0.2-2 | 0.94 | 18.64 | 19.58 | OK | |
r-patched-solaris-sparc | 0.2-2 | 188.30 | OK | |||
r-patched-solaris-x86 | 0.2-2 | 54.80 | OK | |||
r-release-linux-ix86 | 0.2-2 | 1.34 | 27.39 | 28.73 | OK | |
r-release-linux-x86_64 | 0.2-2 | 0.89 | 19.03 | 19.92 | OK | |
r-release-osx-x86_64-mavericks | 0.2-2 | NOTE | ||||
r-release-osx-x86_64-snowleopard | 0.2-2 | OK | ||||
r-release-windows-ix86+x86_64 | 0.2-2 | 4.00 | 31.00 | 35.00 | OK | |
r-oldrel-windows-ix86+x86_64 | 0.2-2 | 5.00 | 33.00 | 38.00 | OK |
Version: 0.2-2
Check: re-building of vignette outputs
Result: NOTE
Error in re-building vignettes:
...
Error in texi2dvi(file = file, pdf = TRUE, clean = clean, quiet = quiet, :
Running 'texi2dvi' on 'LinRegInteractive.tex' failed.
LaTeX errors:
! LaTeX Error: File `enumitem.sty' not found.
Type X to quit or <RETURN> to proceed,
or enter new name. (Default extension: sty)
Calls: buildVignettes -> texi2pdf -> texi2dvi
Execution halted
Flavor: r-release-osx-x86_64-mavericks