Last updated on 2014-10-02 01:48:19.
Flavor | Version | Tinstall | Tcheck | Ttotal | Status | Flags |
---|---|---|---|---|---|---|
r-devel-linux-x86_64-debian-clang | 1.2 | 0.62 | 12.08 | 12.71 | NOTE | |
r-devel-linux-x86_64-debian-gcc | 1.2 | 0.61 | 12.26 | 12.86 | NOTE | |
r-devel-linux-x86_64-fedora-clang | 1.2 | 26.66 | NOTE | |||
r-devel-linux-x86_64-fedora-gcc | 1.2 | 26.96 | NOTE | |||
r-devel-osx-x86_64-clang | 1.2 | 26.88 | OK | |||
r-devel-windows-ix86+x86_64 | 1.2 | 2.00 | 20.00 | 22.00 | OK | |
r-patched-linux-x86_64 | 1.2 | 0.69 | 12.50 | 13.19 | NOTE | |
r-patched-solaris-sparc | 1.2 | 149.10 | OK | |||
r-patched-solaris-x86 | 1.2 | 37.50 | OK | |||
r-release-linux-ix86 | 1.2 | 0.88 | 18.12 | 19.01 | OK | |
r-release-linux-x86_64 | 1.2 | 0.59 | 12.50 | 13.10 | NOTE | |
r-release-osx-x86_64-mavericks | 1.2 | OK | ||||
r-release-windows-ix86+x86_64 | 1.2 | 3.00 | 18.00 | 21.00 | OK | |
r-oldrel-windows-ix86+x86_64 | 1.2 | 2.00 | 20.00 | 22.00 | OK |
Version: 1.2
Check: Rd line widths
Result: NOTE
Rd file 'fitdistribution.Rd':
\usage lines wider than 90 characters:
fitdistribution(angles, distribution, fitmethod = c("loglik", "chisq"), ellipsmethod = 2, degrees = TRUE, ...)
These lines will be truncated in the PDF manual.
Flavors: r-devel-linux-x86_64-debian-clang, r-devel-linux-x86_64-debian-gcc, r-devel-linux-x86_64-fedora-clang, r-devel-linux-x86_64-fedora-gcc, r-patched-linux-x86_64, r-release-linux-x86_64