Last updated on 2014-10-02 01:48:19.
Flavor | Version | Tinstall | Tcheck | Ttotal | Status | Flags |
---|---|---|---|---|---|---|
r-devel-linux-x86_64-debian-clang | 0.9.2 | 0.73 | 15.94 | 16.67 | NOTE | |
r-devel-linux-x86_64-debian-gcc | 0.9.2 | 0.71 | 15.57 | 16.28 | NOTE | |
r-devel-linux-x86_64-fedora-clang | 0.9.2 | 32.94 | NOTE | |||
r-devel-linux-x86_64-fedora-gcc | 0.9.2 | 33.15 | NOTE | |||
r-devel-osx-x86_64-clang | 0.9.2 | 33.82 | NOTE | |||
r-devel-windows-ix86+x86_64 | 0.9.2 | 3.00 | 25.00 | 28.00 | NOTE | |
r-patched-linux-x86_64 | 0.9.2 | 0.93 | 16.53 | 17.46 | NOTE | |
r-patched-solaris-sparc | 0.9.2 | 219.20 | NOTE | |||
r-patched-solaris-x86 | 0.9.2 | 48.30 | NOTE | |||
r-release-linux-ix86 | 0.9.2 | 1.08 | 23.19 | 24.27 | NOTE | |
r-release-linux-x86_64 | 0.9.2 | 0.73 | 16.11 | 16.84 | NOTE | |
r-release-osx-x86_64-mavericks | 0.9.2 | NOTE | ||||
r-release-osx-x86_64-snowleopard | 0.9.2 | NOTE | ||||
r-release-windows-ix86+x86_64 | 0.9.2 | 3.00 | 28.00 | 31.00 | NOTE | |
r-oldrel-windows-ix86+x86_64 | 0.9.2 | 3.00 | 28.00 | 31.00 | NOTE |
Version: 0.9.2
Check: dependencies in R code
Result: NOTE
'library' or 'require' call to ‘ade4’ which was already attached by Depends.
Please remove these calls from your code.
See the information on DESCRIPTION files in the chapter ‘Creating R
packages’ of the ‘Writing R Extensions’ manual.
Flavors: r-devel-linux-x86_64-debian-clang, r-devel-linux-x86_64-debian-gcc, r-devel-linux-x86_64-fedora-clang, r-devel-linux-x86_64-fedora-gcc, r-devel-osx-x86_64-clang, r-devel-windows-ix86+x86_64, r-patched-linux-x86_64, r-patched-solaris-sparc, r-patched-solaris-x86, r-release-linux-ix86, r-release-linux-x86_64, r-release-osx-x86_64-mavericks, r-release-osx-x86_64-snowleopard, r-release-windows-ix86+x86_64, r-oldrel-windows-ix86+x86_64