CRAN Package Check Results for Package LSAfun

Last updated on 2014-10-02 01:48:19.

Flavor Version Tinstall Tcheck Ttotal Status Flags
r-devel-linux-x86_64-debian-clang 0.3.2 1.79 15.67 17.46 OK
r-devel-linux-x86_64-debian-gcc 0.3.2 1.69 15.17 16.86 OK
r-devel-linux-x86_64-fedora-clang 0.3.2 20.21 OK
r-devel-linux-x86_64-fedora-gcc 0.3.2 35.38 OK
r-devel-osx-x86_64-clang 0.3.2 33.47 OK
r-devel-windows-ix86+x86_64 0.3.2 5.00 26.00 31.00 OK
r-patched-linux-x86_64 0.3.2 1.76 16.07 17.83 OK
r-patched-solaris-sparc 0.3.2 184.10 OK
r-patched-solaris-x86 0.3.2 42.90 OK
r-release-linux-ix86 0.3.1 2.58 23.05 25.64 OK
r-release-linux-x86_64 0.3.2 1.76 15.92 17.68 OK
r-release-osx-x86_64-mavericks 0.3.2 OK
r-release-osx-x86_64-snowleopard 0.3.2 ERROR
r-release-windows-ix86+x86_64 0.3.2 4.00 27.00 31.00 OK
r-oldrel-windows-ix86+x86_64 0.3.1 5.00 27.00 32.00 OK

Check Details

Version: 0.3.2
Check: examples
Result: ERROR
    Running examples in ‘LSAfun-Ex.R’ failed
    The error most likely occurred in:
    
    > ### Name: plot_neighbors
    > ### Title: 2D- or 3D-Plot of neighbors
    > ### Aliases: plot_neighbors
    >
    > ### ** Examples
    > data(wonderland)
    >
    > ## Standard Plot
    > plot_neighbors("cheshire",n=20,tvectors=wonderland)
    Wed Oct 1 06:22:03 hagal.research.att.com R[43806] <Error>: unknown error code: invalid pixel format
    Wed Oct 1 06:22:03 hagal.research.att.com R[43806] <Error>: kCGErrorFailure: Set a breakpoint @ CGErrorBreakpoint() to catch errors as they are logged.
    X Error of failed request: GLXBadContext
     Major opcode of failed request: 0 ()
     Serial number of failed request: 27
     Current serial number in output stream: 27
Flavor: r-release-osx-x86_64-snowleopard