Last updated on 2014-10-02 01:48:19.
Flavor | Version | Tinstall | Tcheck | Ttotal | Status | Flags |
---|---|---|---|---|---|---|
r-devel-linux-x86_64-debian-clang | 1.0-3 | 1.31 | 24.50 | 25.81 | NOTE | |
r-devel-linux-x86_64-debian-gcc | 1.0-3 | 1.60 | 24.43 | 26.03 | NOTE | |
r-devel-linux-x86_64-fedora-clang | 1.0-3 | 48.20 | NOTE | |||
r-devel-linux-x86_64-fedora-gcc | 1.0-3 | 49.82 | NOTE | |||
r-devel-osx-x86_64-clang | 1.0-3 | 43.92 | NOTE | |||
r-devel-windows-ix86+x86_64 | 1.0-3 | 7.00 | 58.00 | 65.00 | NOTE | |
r-patched-linux-x86_64 | 1.0-3 | 1.57 | 23.58 | 25.15 | OK | |
r-patched-solaris-sparc | 1.0-3 | 320.20 | OK | |||
r-patched-solaris-x86 | 1.0-3 | 78.60 | OK | |||
r-release-linux-ix86 | 1.0-3 | 2.12 | 34.67 | 36.78 | OK | |
r-release-linux-x86_64 | 1.0-3 | 1.53 | 23.50 | 25.04 | OK | |
r-release-osx-x86_64-mavericks | 1.0-3 | OK | ||||
r-release-osx-x86_64-snowleopard | 1.0-3 | OK | ||||
r-release-windows-ix86+x86_64 | 1.0-3 | 8.00 | 58.00 | 66.00 | OK | |
r-oldrel-windows-ix86+x86_64 | 1.0-3 | 8.00 | 64.00 | 72.00 | OK |
Version: 1.0-3
Check: R code for possible problems
Result: NOTE
plotMDS: no visible global function definition for ‘brewer.pal’
Flavors: r-devel-linux-x86_64-debian-clang, r-devel-linux-x86_64-debian-gcc, r-devel-linux-x86_64-fedora-clang, r-devel-linux-x86_64-fedora-gcc, r-devel-osx-x86_64-clang, r-devel-windows-ix86+x86_64