Last updated on 2014-10-02 01:48:19.
Flavor | Version | Tinstall | Tcheck | Ttotal | Status | Flags |
---|---|---|---|---|---|---|
r-devel-linux-x86_64-debian-clang | 0.44-8 | 0.84 | 33.89 | 34.74 | NOTE | |
r-devel-linux-x86_64-debian-gcc | 0.44-8 | 0.79 | 33.12 | 33.92 | NOTE | |
r-devel-linux-x86_64-fedora-clang | 0.44-8 | 73.24 | NOTE | |||
r-devel-linux-x86_64-fedora-gcc | 0.44-8 | 75.07 | NOTE | |||
r-devel-osx-x86_64-clang | 0.44-8 | 58.85 | NOTE | |||
r-devel-windows-ix86+x86_64 | 0.44-8 | 3.00 | 55.00 | 58.00 | NOTE | |
r-patched-linux-x86_64 | 0.44-8 | 0.83 | 35.80 | 36.63 | OK | |
r-patched-solaris-sparc | 0.44-8 | 431.20 | OK | |||
r-patched-solaris-x86 | 0.44-8 | 89.30 | OK | |||
r-release-linux-ix86 | 0.44-8 | 1.16 | 46.30 | 47.47 | OK | |
r-release-linux-x86_64 | 0.44-8 | 0.86 | 35.42 | 36.28 | OK | |
r-release-osx-x86_64-mavericks | 0.44-8 | OK | ||||
r-release-osx-x86_64-snowleopard | 0.44-8 | OK | ||||
r-release-windows-ix86+x86_64 | 0.44-8 | 3.00 | 57.00 | 60.00 | OK | |
r-oldrel-windows-ix86+x86_64 | 0.44-8 | 4.00 | 57.00 | 61.00 | OK |
Version: 0.44-8
Check: R code for possible problems
Result: NOTE
plot.lpc: no visible global function definition for ‘scatterplot3d’
plot.lpc.spline: no visible global function definition for
‘scatterplot3d’
Flavors: r-devel-linux-x86_64-debian-clang, r-devel-linux-x86_64-debian-gcc, r-devel-linux-x86_64-fedora-clang, r-devel-linux-x86_64-fedora-gcc, r-devel-osx-x86_64-clang, r-devel-windows-ix86+x86_64